Last updated on 2023-01-28 08:00:39 CET.
Flavor | Version | Tinstall | Tcheck | Ttotal | Status | Flags |
---|---|---|---|---|---|---|
r-devel-linux-x86_64-debian-clang | 0.9.1 | 5.98 | 49.10 | 55.08 | OK | |
r-devel-linux-x86_64-debian-gcc | 0.9.1 | 4.36 | 37.04 | 41.40 | OK | |
r-devel-linux-x86_64-fedora-clang | 0.9.1 | 68.07 | NOTE | |||
r-devel-linux-x86_64-fedora-gcc | 0.9.1 | 64.82 | NOTE | |||
r-patched-linux-x86_64 | 0.9.1 | 6.52 | 47.26 | 53.78 | OK | |
r-release-linux-x86_64 | 0.9.1 | 4.74 | 46.72 | 51.46 | OK | |
r-release-macos-arm64 | 0.9.1 | 22.00 | NOTE | |||
r-release-macos-x86_64 | 0.9.1 | 34.00 | NOTE | |||
r-release-windows-x86_64 | 0.9.1 | 25.00 | 78.00 | 103.00 | OK | |
r-oldrel-macos-arm64 | 0.9.1 | 27.00 | NOTE | |||
r-oldrel-macos-x86_64 | 0.9.1 | 1803.00 | NOTE | |||
r-oldrel-windows-ix86+x86_64 | 0.9.1 | 13.00 | 74.00 | 87.00 | OK |
Version: 0.9.1
Check: data for non-ASCII characters
Result: NOTE
Note: found 1 marked UTF-8 string
Flavors: r-devel-linux-x86_64-fedora-clang, r-devel-linux-x86_64-fedora-gcc, r-release-macos-arm64, r-release-macos-x86_64, r-oldrel-macos-arm64, r-oldrel-macos-x86_64