Last updated on 2023-01-29 07:56:08 CET.
Flavor | Version | Tinstall | Tcheck | Ttotal | Status | Flags |
---|---|---|---|---|---|---|
r-devel-linux-x86_64-debian-clang | 0.54 | 32.32 | 264.17 | 296.49 | NOTE | |
r-devel-linux-x86_64-debian-gcc | 0.54 | 22.50 | 197.74 | 220.24 | NOTE | |
r-devel-linux-x86_64-fedora-clang | 0.54 | 365.63 | NOTE | |||
r-devel-linux-x86_64-fedora-gcc | 0.54 | 369.92 | NOTE | |||
r-devel-windows-x86_64 | 0.54 | 50.00 | 266.00 | 316.00 | NOTE | |
r-patched-linux-x86_64 | 0.54 | 30.19 | 259.17 | 289.36 | NOTE | |
r-release-linux-x86_64 | 0.54 | 26.52 | 259.88 | 286.40 | NOTE | |
r-release-macos-arm64 | 0.54 | 71.00 | NOTE | |||
r-release-macos-x86_64 | 0.54 | 102.00 | NOTE | |||
r-release-windows-x86_64 | 0.54 | 49.00 | 258.00 | 307.00 | NOTE | |
r-oldrel-macos-arm64 | 0.54 | 38.00 | NOTE | |||
r-oldrel-macos-x86_64 | 0.54 | 73.00 | NOTE | |||
r-oldrel-windows-ix86+x86_64 | 0.54 | 64.00 | 260.00 | 324.00 | NOTE |
Version: 0.54
Check: LazyData
Result: NOTE
'LazyData' is specified without a 'data' directory
Flavors: r-devel-linux-x86_64-debian-clang, r-devel-linux-x86_64-debian-gcc, r-devel-linux-x86_64-fedora-clang, r-devel-linux-x86_64-fedora-gcc, r-devel-windows-x86_64, r-patched-linux-x86_64, r-release-linux-x86_64, r-release-macos-arm64, r-release-macos-x86_64, r-release-windows-x86_64, r-oldrel-macos-arm64, r-oldrel-macos-x86_64, r-oldrel-windows-ix86+x86_64