Last updated on 2023-06-06 08:02:05 CEST.
Flavor | Version | Tinstall | Tcheck | Ttotal | Status | Flags |
---|---|---|---|---|---|---|
r-devel-linux-x86_64-debian-clang | 4.2-0 | 83.12 | 530.73 | 613.85 | OK | |
r-devel-linux-x86_64-debian-gcc | 4.2-0 | 61.31 | 389.24 | 450.55 | OK | |
r-devel-linux-x86_64-fedora-clang | 4.2-0 | 757.16 | NOTE | |||
r-devel-linux-x86_64-fedora-gcc | 4.2-0 | 727.06 | OK | |||
r-devel-windows-x86_64 | 4.2-0 | 58.00 | 353.00 | 411.00 | NOTE | |
r-patched-linux-x86_64 | 4.2-0 | 86.35 | 504.54 | 590.89 | OK | |
r-release-linux-x86_64 | 4.2-0 | 76.94 | 509.57 | 586.51 | OK | |
r-release-macos-arm64 | 4.2-0 | 164.00 | NOTE | |||
r-release-macos-x86_64 | 4.0-0 | 325.00 | OK | |||
r-release-windows-x86_64 | 4.2-0 | 84.00 | 482.00 | 566.00 | NOTE | |
r-oldrel-macos-arm64 | 4.2-0 | 162.00 | NOTE | |||
r-oldrel-macos-x86_64 | 4.2-0 | 201.00 | NOTE | |||
r-oldrel-windows-x86_64 | 4.2-0 | 84.00 | 462.00 | 546.00 | NOTE |
Version: 4.2-0
Check: installed package size
Result: NOTE
installed size is 5.2Mb
sub-directories of 1Mb or more:
R 2.0Mb
help 2.2Mb
Flavors: r-devel-linux-x86_64-fedora-clang, r-devel-windows-x86_64, r-release-macos-arm64, r-release-windows-x86_64, r-oldrel-macos-arm64, r-oldrel-macos-x86_64, r-oldrel-windows-x86_64