Last updated on 2023-02-01 07:53:09 CET.
Flavor | Version | Tinstall | Tcheck | Ttotal | Status | Flags |
---|---|---|---|---|---|---|
r-devel-linux-x86_64-debian-clang | 1.0.0 | 10.19 | 95.91 | 106.10 | NOTE | |
r-devel-linux-x86_64-debian-gcc | 1.0.0 | 7.31 | 68.76 | 76.07 | NOTE | |
r-devel-linux-x86_64-fedora-clang | 1.0.0 | 129.66 | NOTE | |||
r-devel-linux-x86_64-fedora-gcc | 1.0.0 | 134.67 | NOTE | |||
r-devel-windows-x86_64 | 1.0.0 | 80.00 | 132.00 | 212.00 | NOTE | |
r-patched-linux-x86_64 | 1.0.0 | 9.16 | 93.48 | 102.64 | NOTE | |
r-release-linux-x86_64 | 1.0.0 | 8.26 | 93.84 | 102.10 | NOTE | |
r-release-macos-arm64 | 1.0.0 | 41.00 | NOTE | |||
r-release-macos-x86_64 | 1.0.0 | 61.00 | NOTE | |||
r-release-windows-x86_64 | 1.0.0 | 48.00 | 138.00 | 186.00 | NOTE | |
r-oldrel-macos-arm64 | 1.0.0 | 41.00 | NOTE | |||
r-oldrel-macos-x86_64 | 1.0.0 | 56.00 | NOTE | |||
r-oldrel-windows-ix86+x86_64 | 1.0.0 | 24.00 | 323.00 | 347.00 | NOTE |
Version: 1.0.0
Check: package dependencies
Result: NOTE
Package suggested but not available for checking: ‘genuMet’
Flavors: r-devel-linux-x86_64-debian-clang, r-devel-linux-x86_64-debian-gcc, r-devel-linux-x86_64-fedora-clang, r-devel-linux-x86_64-fedora-gcc, r-devel-windows-x86_64, r-patched-linux-x86_64, r-release-linux-x86_64, r-release-macos-arm64, r-release-macos-x86_64, r-release-windows-x86_64, r-oldrel-macos-arm64, r-oldrel-macos-x86_64, r-oldrel-windows-ix86+x86_64