Last updated on 2023-02-02 06:54:58 CET.
Flavor | Version | Tinstall | Tcheck | Ttotal | Status | Flags |
---|---|---|---|---|---|---|
r-devel-linux-x86_64-debian-clang | 0.1.0 | 2.46 | 31.81 | 34.27 | OK | |
r-devel-linux-x86_64-debian-gcc | 0.1.0 | 1.99 | 24.62 | 26.61 | OK | |
r-devel-linux-x86_64-fedora-clang | 0.1.0 | 44.88 | NOTE | |||
r-devel-linux-x86_64-fedora-gcc | 0.1.0 | 53.48 | NOTE | |||
r-devel-windows-x86_64 | 0.1.0 | 26.00 | 61.00 | 87.00 | OK | |
r-patched-linux-x86_64 | 0.1.0 | 2.57 | 31.85 | 34.42 | OK | |
r-release-linux-x86_64 | 0.1.0 | 1.78 | 31.22 | 33.00 | OK | |
r-release-macos-arm64 | 0.1.0 | 18.00 | NOTE | |||
r-release-macos-x86_64 | 0.1.0 | 28.00 | NOTE | |||
r-release-windows-x86_64 | 0.1.0 | 25.00 | 63.00 | 88.00 | OK | |
r-oldrel-macos-arm64 | 0.1.0 | 23.00 | NOTE | |||
r-oldrel-macos-x86_64 | 0.1.0 | 29.00 | NOTE | |||
r-oldrel-windows-ix86+x86_64 | 0.1.0 | 8.00 | 261.00 | 269.00 | OK |
Version: 0.1.0
Check: dependencies in R code
Result: NOTE
Namespaces in Imports field not imported from:
‘e1071’ ‘gbm’ ‘ggplot2’ ‘graphics’ ‘randomForest’
All declared Imports should be used.
Flavors: r-devel-linux-x86_64-fedora-clang, r-devel-linux-x86_64-fedora-gcc, r-release-macos-arm64, r-release-macos-x86_64, r-oldrel-macos-arm64, r-oldrel-macos-x86_64