Last updated on 2023-06-01 07:57:05 CEST.
Flavor | Version | Tinstall | Tcheck | Ttotal | Status | Flags |
---|---|---|---|---|---|---|
r-devel-linux-x86_64-debian-clang | 0.14.0 | 14.83 | 394.98 | 409.81 | OK | |
r-devel-linux-x86_64-debian-gcc | 0.14.0 | 14.38 | 286.98 | 301.36 | OK | |
r-devel-linux-x86_64-fedora-clang | 0.14.0 | 449.23 | NOTE | |||
r-devel-linux-x86_64-fedora-gcc | 0.14.0 | 459.05 | OK | |||
r-devel-windows-x86_64 | 0.14.0 | 18.00 | 278.00 | 296.00 | OK | |
r-patched-linux-x86_64 | 0.14.0 | OK | ||||
r-release-linux-x86_64 | 0.14.0 | 16.19 | 349.31 | 365.50 | OK | |
r-release-macos-arm64 | 0.14.0 | 126.00 | OK | |||
r-release-macos-x86_64 | 0.14.0 | 218.00 | OK | |||
r-release-windows-x86_64 | 0.14.0 | 21.00 | 348.00 | 369.00 | OK | |
r-oldrel-macos-arm64 | 0.14.0 | 100.00 | OK | |||
r-oldrel-macos-x86_64 | 0.14.0 | 158.00 | OK | |||
r-oldrel-windows-x86_64 | 0.14.0 | 20.00 | 334.00 | 354.00 | OK |
Version: 0.14.0
Check: Rd cross-references
Result: NOTE
Undeclared package ‘rlang’ in Rd xrefs
Flavor: r-devel-linux-x86_64-fedora-clang