CRAN Package Check Results for Package metR

Last updated on 2023-02-01 07:53:09 CET.

Flavor Version Tinstall Tcheck Ttotal Status Flags
r-devel-linux-x86_64-debian-clang 0.13.0 18.63 425.26 443.89 OK
r-devel-linux-x86_64-debian-gcc 0.13.0 14.17 291.79 305.96 OK
r-devel-linux-x86_64-fedora-clang 0.13.0 460.32 NOTE
r-devel-linux-x86_64-fedora-gcc 0.13.0 501.04 OK
r-devel-windows-x86_64 0.13.0 139.00 399.00 538.00 OK
r-patched-linux-x86_64 0.13.0 19.67 353.15 372.82 OK
r-release-linux-x86_64 0.13.0 19.87 347.77 367.64 OK
r-release-macos-arm64 0.13.0 110.00 OK
r-release-macos-x86_64 0.13.0 152.00 OK
r-release-windows-x86_64 0.13.0 202.00 421.00 623.00 OK
r-oldrel-macos-arm64 0.13.0 99.00 OK
r-oldrel-macos-x86_64 0.13.0 148.00 OK
r-oldrel-windows-ix86+x86_64 0.13.0 30.00 457.00 487.00 OK

Check Details

Version: 0.13.0
Check: Rd cross-references
Result: NOTE
    Undeclared package ‘rlang’ in Rd xrefs
Flavor: r-devel-linux-x86_64-fedora-clang