Last updated on 2023-02-05 07:57:28 CET.
Flavor | Version | Tinstall | Tcheck | Ttotal | Status | Flags |
---|---|---|---|---|---|---|
r-devel-linux-x86_64-debian-clang | 0.3.5 | 8.87 | 78.29 | 87.16 | OK | |
r-devel-linux-x86_64-debian-gcc | 0.3.5 | 6.71 | 57.64 | 64.35 | OK | |
r-devel-linux-x86_64-fedora-clang | 0.3.5 | 112.80 | NOTE | |||
r-devel-linux-x86_64-fedora-gcc | 0.3.5 | 115.00 | NOTE | |||
r-devel-windows-x86_64 | 0.3.5 | 37.00 | 115.00 | 152.00 | OK | |
r-patched-linux-x86_64 | 0.3.5 | 8.84 | 76.08 | 84.92 | OK | |
r-release-linux-x86_64 | 0.3.5 | 8.81 | 76.10 | 84.91 | OK | |
r-release-macos-arm64 | 0.3.5 | 36.00 | OK | |||
r-release-macos-x86_64 | 0.3.5 | 50.00 | OK | |||
r-release-windows-x86_64 | 0.3.5 | 39.00 | 125.00 | 164.00 | OK | |
r-oldrel-macos-arm64 | 0.3.5 | 38.00 | OK | |||
r-oldrel-macos-x86_64 | 0.3.5 | 55.00 | OK | |||
r-oldrel-windows-ix86+x86_64 | 0.3.5 | 18.00 | 108.00 | 126.00 | OK |
Version: 0.3.5
Check: data for non-ASCII characters
Result: NOTE
Note: found 1 marked UTF-8 string
Flavors: r-devel-linux-x86_64-fedora-clang, r-devel-linux-x86_64-fedora-gcc