Last updated on 2023-02-08 07:54:35 CET.
Flavor | Version | Tinstall | Tcheck | Ttotal | Status | Flags |
---|---|---|---|---|---|---|
r-devel-linux-x86_64-debian-clang | 0.2.3 | 434.53 | 184.38 | 618.91 | NOTE | |
r-devel-linux-x86_64-debian-gcc | 0.2.3 | 333.44 | 173.88 | 507.32 | NOTE | |
r-devel-linux-x86_64-fedora-clang | 0.2.3 | 865.05 | NOTE | |||
r-devel-linux-x86_64-fedora-gcc | 0.2.3 | 884.94 | NOTE | |||
r-devel-windows-x86_64 | 0.2.3 | 299.00 | 200.00 | 499.00 | NOTE | |
r-patched-linux-x86_64 | 0.2.3 | 347.93 | 217.93 | 565.86 | OK | |
r-release-linux-x86_64 | 0.2.3 | 343.36 | 211.97 | 555.33 | OK | |
r-release-macos-arm64 | 0.2.3 | 164.00 | NOTE | |||
r-release-macos-x86_64 | 0.2.3 | 230.00 | NOTE | |||
r-release-windows-x86_64 | 0.2.3 | 440.00 | 220.00 | 660.00 | OK | |
r-oldrel-macos-arm64 | 0.2.3 | 162.00 | NOTE | |||
r-oldrel-macos-x86_64 | 0.2.3 | 237.00 | NOTE | |||
r-oldrel-windows-ix86+x86_64 | 0.2.3 | 983.00 | 218.00 | 1201.00 | NOTE |
Version: 0.2.3
Check: C++ specification
Result: NOTE
Specified C++11: please update to current default of C++17
Flavors: r-devel-linux-x86_64-debian-clang, r-devel-windows-x86_64
Version: 0.2.3
Check: C++ specification
Result: NOTE
Specified C++11: please drop specification unless essential
Flavors: r-devel-linux-x86_64-debian-gcc, r-devel-linux-x86_64-fedora-clang, r-devel-linux-x86_64-fedora-gcc
Version: 0.2.3
Check: installed package size
Result: NOTE
installed size is 21.2Mb
sub-directories of 1Mb or more:
libs 20.1Mb
Flavors: r-release-macos-arm64, r-release-macos-x86_64, r-oldrel-macos-arm64, r-oldrel-macos-x86_64, r-oldrel-windows-ix86+x86_64