CRAN Package Check Results for Package mergeTrees

Last updated on 2022-09-28 06:54:11 CEST.

Flavor Version Tinstall Tcheck Ttotal Status Flags
r-devel-linux-x86_64-debian-clang 0.1.3 35.58 27.41 62.99 NOTE
r-devel-linux-x86_64-debian-gcc 0.1.3 28.40 21.29 49.69 NOTE
r-devel-linux-x86_64-fedora-clang 0.1.3 105.07 NOTE
r-devel-linux-x86_64-fedora-gcc 0.1.3 89.53 NOTE
r-devel-windows-x86_64 0.1.3 39.00 70.00 109.00 NOTE
r-patched-linux-x86_64 0.1.3 27.82 26.00 53.82 NOTE
r-release-linux-x86_64 0.1.3 32.80 26.38 59.18 NOTE
r-release-macos-arm64 0.1.3 25.00 NOTE
r-release-macos-x86_64 0.1.3 33.00 NOTE
r-release-windows-x86_64 0.1.3 32.00 71.00 103.00 NOTE
r-oldrel-macos-arm64 0.1.3 28.00 NOTE
r-oldrel-macos-x86_64 0.1.3 47.00 NOTE
r-oldrel-windows-ix86+x86_64 0.1.3 88.00 80.00 168.00 NOTE

Check Details

Version: 0.1.3
Check: LazyData
Result: NOTE
     'LazyData' is specified without a 'data' directory
Flavors: r-devel-linux-x86_64-debian-clang, r-devel-linux-x86_64-debian-gcc, r-devel-linux-x86_64-fedora-clang, r-devel-linux-x86_64-fedora-gcc, r-devel-windows-x86_64, r-patched-linux-x86_64, r-release-linux-x86_64, r-release-macos-arm64, r-release-macos-x86_64, r-release-windows-x86_64, r-oldrel-macos-arm64, r-oldrel-macos-x86_64, r-oldrel-windows-ix86+x86_64