CRAN Package Check Results for Package meerva

Last updated on 2023-02-07 07:54:07 CET.

Flavor Version Tinstall Tcheck Ttotal Status Flags
r-devel-linux-x86_64-debian-clang 0.2-2 4.57 51.43 56.00 OK
r-devel-linux-x86_64-debian-gcc 0.2-2 4.47 38.24 42.71 OK
r-devel-linux-x86_64-fedora-clang 0.2-2 70.49 NOTE
r-devel-linux-x86_64-fedora-gcc 0.2-2 78.94 NOTE
r-devel-windows-x86_64 0.2-2 21.00 90.00 111.00 OK
r-patched-linux-x86_64 0.2-2 4.93 47.31 52.24 OK
r-release-linux-x86_64 0.2-2 4.12 47.76 51.88 OK
r-release-macos-arm64 0.2-2 25.00 NOTE
r-release-macos-x86_64 0.2-2 41.00 NOTE
r-release-windows-x86_64 0.2-2 20.00 82.00 102.00 OK
r-oldrel-macos-arm64 0.2-2 23.00 NOTE
r-oldrel-macos-x86_64 0.2-2 35.00 NOTE
r-oldrel-windows-ix86+x86_64 0.2-2 11.00 76.00 87.00 OK

Check Details

Version: 0.2-2
Check: dependencies in R code
Result: NOTE
    Namespace in Imports field not imported from: ‘dplyr’
     All declared Imports should be used.
Flavors: r-devel-linux-x86_64-fedora-clang, r-devel-linux-x86_64-fedora-gcc, r-release-macos-arm64, r-release-macos-x86_64, r-oldrel-macos-arm64, r-oldrel-macos-x86_64