CRAN Package Check Results for Package mederrRank

Last updated on 2024-03-04 07:48:33 CET.

Flavor Version Tinstall Tcheck Ttotal Status Flags
r-devel-linux-x86_64-debian-clang 0.1.0 5.40 41.27 46.67 NOTE
r-devel-linux-x86_64-debian-gcc 0.1.0 3.49 31.97 35.46 NOTE
r-devel-linux-x86_64-fedora-clang 0.1.0 57.97 NOTE
r-devel-linux-x86_64-fedora-gcc 0.1.0 56.11 NOTE
r-devel-windows-x86_64 0.1.0 5.00 57.00 62.00 NOTE
r-patched-linux-x86_64 0.1.0 4.84 41.34 46.18 OK
r-release-linux-x86_64 0.1.0 5.54 40.39 45.93 OK
r-release-macos-arm64 0.1.0 24.00 OK
r-release-macos-x86_64 0.1.0 37.00 OK
r-release-windows-x86_64 0.1.0 4.00 61.00 65.00 OK
r-oldrel-macos-arm64 0.1.0 27.00 OK
r-oldrel-windows-x86_64 0.1.0 8.00 66.00 74.00 OK

Check Details

Version: 0.1.0
Check: Rd files
Result: NOTE checkRd: (-1) bhm.mcmc.Rd:37: Lost braces; missing escapes or markup? 37 | where \eqn{N_{ij}} denotes the number of times that the error profile \eqn{i} is cited on a report from hospital {j} and \eqn{y_{ij}} is the corresponding number of times that profile \eqn{i} in hospital \eqn{j} was reported with harm. | ^ Flavors: r-devel-linux-x86_64-debian-clang, r-devel-linux-x86_64-debian-gcc, r-devel-linux-x86_64-fedora-clang, r-devel-linux-x86_64-fedora-gcc, r-devel-windows-x86_64