Last updated on 2023-10-01 08:52:03 CEST.
Flavor | Version | Tinstall | Tcheck | Ttotal | Status | Flags |
---|---|---|---|---|---|---|
r-devel-linux-x86_64-debian-clang | 0.5 | 11.30 | 112.21 | 123.51 | NOTE | |
r-devel-linux-x86_64-debian-gcc | 0.5 | 9.88 | 83.56 | 93.44 | NOTE | |
r-devel-linux-x86_64-fedora-clang | 0.5 | 146.86 | NOTE | |||
r-devel-linux-x86_64-fedora-gcc | 0.5 | 146.99 | NOTE | |||
r-devel-windows-x86_64 | 0.5 | 11.00 | 97.00 | 108.00 | NOTE | |
r-patched-linux-x86_64 | 0.5 | 12.86 | 106.18 | 119.04 | NOTE | |
r-release-linux-x86_64 | 0.5 | 11.36 | 108.54 | 119.90 | NOTE | |
r-release-macos-arm64 | 0.5 | 50.00 | NOTE | |||
r-release-macos-x86_64 | 0.5 | 75.00 | NOTE | |||
r-release-windows-x86_64 | 0.5 | 15.00 | 115.00 | 130.00 | NOTE | |
r-oldrel-macos-arm64 | 0.5 | 38.00 | NOTE | |||
r-oldrel-macos-x86_64 | 0.5 | 55.00 | NOTE | |||
r-oldrel-windows-x86_64 | 0.5 | 15.00 | 116.00 | 131.00 | NOTE |
Version: 0.5
Check: LazyData
Result: NOTE
'LazyData' is specified without a 'data' directory
Flavors: r-devel-linux-x86_64-debian-clang, r-devel-linux-x86_64-debian-gcc, r-devel-linux-x86_64-fedora-clang, r-devel-linux-x86_64-fedora-gcc, r-devel-windows-x86_64, r-patched-linux-x86_64, r-release-linux-x86_64, r-release-macos-arm64, r-release-macos-x86_64, r-release-windows-x86_64, r-oldrel-macos-arm64, r-oldrel-macos-x86_64, r-oldrel-windows-x86_64