CRAN Package Check Results for Package mdgc

Last updated on 2024-03-02 06:52:00 CET.

Flavor Version Tinstall Tcheck Ttotal Status Flags
r-devel-linux-x86_64-debian-clang 0.1.7 156.38 88.91 245.29 NOTE
r-devel-linux-x86_64-debian-gcc 0.1.7 129.09 64.89 193.98 NOTE
r-devel-linux-x86_64-fedora-clang 0.1.7 358.30 NOTE
r-devel-linux-x86_64-fedora-gcc 0.1.7 367.06 NOTE
r-devel-windows-x86_64 0.1.7 124.00 116.00 240.00 OK
r-patched-linux-x86_64 0.1.7 119.20 88.14 207.34 OK
r-release-linux-x86_64 0.1.7 123.56 88.23 211.79 OK
r-release-macos-arm64 0.1.7 90.00 NOTE
r-release-macos-x86_64 0.1.7 127.00 NOTE
r-release-windows-x86_64 0.1.7 165.00 133.00 298.00 OK
r-oldrel-macos-arm64 0.1.7 77.00 NOTE
r-oldrel-windows-x86_64 0.1.7 148.00 135.00 283.00 OK

Additional issues

noRemap

Check Details

Version: 0.1.7
Check: Rd files
Result: NOTE checkRd: (-1) get_mdgc.Rd:34: Lost braces in \itemize; meant \describe ? checkRd: (-1) get_mdgc.Rd:35: Lost braces in \itemize; meant \describe ? checkRd: (-1) get_mdgc.Rd:36: Lost braces in \itemize; meant \describe ? checkRd: (-1) get_mdgc.Rd:37: Lost braces in \itemize; meant \describe ? Flavors: r-devel-linux-x86_64-debian-clang, r-devel-linux-x86_64-debian-gcc, r-devel-linux-x86_64-fedora-clang, r-devel-linux-x86_64-fedora-gcc

Version: 0.1.7
Check: installed package size
Result: NOTE installed size is 11.3Mb sub-directories of 1Mb or more: libs 10.9Mb Flavors: r-release-macos-arm64, r-release-macos-x86_64, r-oldrel-macos-arm64