Last updated on 2023-09-26 08:04:17 CEST.
Flavor | Version | Tinstall | Tcheck | Ttotal | Status | Flags |
---|---|---|---|---|---|---|
r-devel-linux-x86_64-debian-clang | 2.1.0 | 32.40 | 53.18 | 85.58 | NOTE | |
r-devel-linux-x86_64-debian-gcc | 2.1.0 | 21.94 | 40.11 | 62.05 | NOTE | |
r-devel-linux-x86_64-fedora-clang | 2.1.0 | 140.83 | NOTE | |||
r-devel-linux-x86_64-fedora-gcc | 2.1.0 | 122.79 | NOTE | |||
r-devel-windows-x86_64 | 2.1.0 | 27.00 | 81.00 | 108.00 | NOTE | |
r-patched-linux-x86_64 | 2.1.0 | 29.17 | 52.35 | 81.52 | NOTE | |
r-release-linux-x86_64 | 2.1.0 | 31.15 | 52.00 | 83.15 | NOTE | |
r-release-macos-arm64 | 2.1.0 | 41.00 | NOTE | |||
r-release-macos-x86_64 | 2.1.0 | 71.00 | NOTE | |||
r-release-windows-x86_64 | 2.1.0 | 31.00 | 92.00 | 123.00 | NOTE | |
r-oldrel-macos-arm64 | 2.1.0 | 38.00 | OK | |||
r-oldrel-macos-x86_64 | 2.1.0 | 59.00 | OK | |||
r-oldrel-windows-x86_64 | 2.1.0 | 39.00 | 94.00 | 133.00 | OK |
Version: 2.1.0
Check: C++ specification
Result: NOTE
Specified C++11: please drop specification unless essential
Flavors: r-devel-linux-x86_64-debian-clang, r-devel-linux-x86_64-debian-gcc, r-devel-linux-x86_64-fedora-clang, r-devel-linux-x86_64-fedora-gcc, r-devel-windows-x86_64, r-patched-linux-x86_64, r-release-linux-x86_64, r-release-macos-arm64, r-release-macos-x86_64, r-release-windows-x86_64