Last updated on 2023-01-27 07:50:37 CET.
Flavor | Version | Tinstall | Tcheck | Ttotal | Status | Flags |
---|---|---|---|---|---|---|
r-devel-linux-x86_64-debian-clang | 0.1.2 | 3.99 | 39.01 | 43.00 | NOTE | |
r-devel-linux-x86_64-debian-gcc | 0.1.2 | 3.31 | 30.33 | 33.64 | NOTE | |
r-devel-linux-x86_64-fedora-clang | 0.1.2 | 54.39 | NOTE | |||
r-devel-linux-x86_64-fedora-gcc | 0.1.2 | 52.12 | NOTE | |||
r-patched-linux-x86_64 | 0.1.2 | 3.06 | 39.82 | 42.88 | NOTE | |
r-release-linux-x86_64 | 0.1.2 | 3.75 | 39.35 | 43.10 | NOTE | |
r-release-macos-arm64 | 0.1.2 | 20.00 | NOTE | |||
r-release-macos-x86_64 | 0.1.2 | 43.00 | NOTE | |||
r-release-windows-x86_64 | 0.1.2 | 14.00 | 65.00 | 79.00 | NOTE | |
r-oldrel-macos-arm64 | 0.1.2 | 21.00 | NOTE | |||
r-oldrel-macos-x86_64 | 0.1.2 | 29.00 | NOTE | |||
r-oldrel-windows-ix86+x86_64 | 0.1.2 | 10.00 | 67.00 | 77.00 | NOTE |
Version: 0.1.2
Check: LazyData
Result: NOTE
'LazyData' is specified without a 'data' directory
Flavors: r-devel-linux-x86_64-debian-clang, r-devel-linux-x86_64-debian-gcc, r-devel-linux-x86_64-fedora-clang, r-devel-linux-x86_64-fedora-gcc, r-patched-linux-x86_64, r-release-linux-x86_64, r-release-macos-arm64, r-release-macos-x86_64, r-release-windows-x86_64, r-oldrel-macos-arm64, r-oldrel-macos-x86_64, r-oldrel-windows-ix86+x86_64