Last updated on 2023-02-07 07:54:06 CET.
Flavor | Version | Tinstall | Tcheck | Ttotal | Status | Flags |
---|---|---|---|---|---|---|
r-devel-linux-x86_64-debian-clang | 0.3.2 | 2.45 | 90.41 | 92.86 | NOTE | |
r-devel-linux-x86_64-debian-gcc | 0.3.2 | 1.80 | 64.53 | 66.33 | NOTE | |
r-devel-linux-x86_64-fedora-clang | 0.3.2 | 112.45 | NOTE | |||
r-devel-linux-x86_64-fedora-gcc | 0.3.2 | 122.15 | NOTE | |||
r-devel-windows-x86_64 | 0.3.2 | 18.00 | 114.00 | 132.00 | NOTE | |
r-patched-linux-x86_64 | 0.3.2 | 2.21 | 89.07 | 91.28 | OK | |
r-release-linux-x86_64 | 0.3.2 | 1.85 | 87.33 | 89.18 | OK | |
r-release-macos-arm64 | 0.3.2 | 35.00 | OK | |||
r-release-macos-x86_64 | 0.3.2 | 69.00 | OK | |||
r-release-windows-x86_64 | 0.3.2 | 14.00 | 134.00 | 148.00 | OK | |
r-oldrel-macos-arm64 | 0.3.2 | 35.00 | OK | |||
r-oldrel-macos-x86_64 | 0.3.2 | 54.00 | OK | |||
r-oldrel-windows-ix86+x86_64 | 0.3.2 | 7.00 | 122.00 | 129.00 | OK |
Version: 0.3.2
Check: package subdirectories
Result: NOTE
Problems with news in ‘NEWS.md’:
Cannot extract version info from the following section titles:
Initial version.
Flavors: r-devel-linux-x86_64-debian-clang, r-devel-linux-x86_64-debian-gcc, r-devel-linux-x86_64-fedora-clang, r-devel-linux-x86_64-fedora-gcc, r-devel-windows-x86_64