Last updated on 2023-03-28 07:53:07 CEST.
Flavor | Version | Tinstall | Tcheck | Ttotal | Status | Flags |
---|---|---|---|---|---|---|
r-devel-linux-x86_64-debian-clang | 1.15.6 | 5.47 | 42.51 | 47.98 | NOTE | |
r-devel-linux-x86_64-debian-gcc | 1.15.6 | 4.24 | 32.10 | 36.34 | NOTE | |
r-devel-linux-x86_64-fedora-clang | 1.15.6 | 58.31 | NOTE | |||
r-devel-linux-x86_64-fedora-gcc | 1.15.6 | 57.57 | NOTE | |||
r-patched-linux-x86_64 | 1.15.6 | 4.41 | 40.80 | 45.21 | NOTE | |
r-release-linux-x86_64 | 1.15.6 | 4.54 | 42.48 | 47.02 | NOTE | |
r-release-macos-arm64 | 1.15.6 | 21.00 | NOTE | |||
r-release-macos-x86_64 | 1.15.6 | 33.00 | NOTE | |||
r-release-windows-x86_64 | 1.15.6 | 23.00 | 76.00 | 99.00 | NOTE | |
r-oldrel-macos-arm64 | 1.15.6 | 31.00 | NOTE | |||
r-oldrel-macos-x86_64 | 1.15.6 | 40.00 | NOTE | |||
r-oldrel-windows-ix86+x86_64 | 1.15.6 | 16.00 | 94.00 | 110.00 | NOTE |
Version: 1.15.6
Check: LazyData
Result: NOTE
'LazyData' is specified without a 'data' directory
Flavors: r-devel-linux-x86_64-debian-clang, r-devel-linux-x86_64-debian-gcc, r-devel-linux-x86_64-fedora-clang, r-devel-linux-x86_64-fedora-gcc, r-patched-linux-x86_64, r-release-linux-x86_64, r-release-macos-arm64, r-release-macos-x86_64, r-release-windows-x86_64, r-oldrel-macos-arm64, r-oldrel-macos-x86_64, r-oldrel-windows-ix86+x86_64