Last updated on 2023-01-30 09:54:17 CET.
Flavor | Version | Tinstall | Tcheck | Ttotal | Status | Flags |
---|---|---|---|---|---|---|
r-devel-linux-x86_64-debian-clang | 1.1.1 | 773.75 | 169.40 | 943.15 | WARN | --no-vignettes |
r-devel-linux-x86_64-debian-gcc | 1.1.2 | 595.91 | 96.77 | 692.68 | OK | --no-vignettes |
r-devel-linux-x86_64-fedora-clang | 1.1.2 | 1378.97 | NOTE | --no-vignettes | ||
r-devel-linux-x86_64-fedora-gcc | 1.1.2 | 1101.53 | NOTE | --no-vignettes | ||
r-devel-windows-x86_64 | 1.1.2 | 609.00 | 111.00 | 720.00 | NOTE | --no-vignettes |
r-patched-linux-x86_64 | 1.1.2 | 626.60 | 149.41 | 776.01 | OK | --no-vignettes |
r-release-linux-x86_64 | 1.1.2 | 635.91 | 175.40 | 811.31 | OK | --no-vignettes |
r-release-macos-arm64 | 1.1.2 | 1803.00 | NOTE | |||
r-release-macos-x86_64 | 1.1.2 | 1804.00 | NOTE | |||
r-release-windows-x86_64 | 1.1.2 | 743.00 | 121.00 | 864.00 | NOTE | --no-vignettes |
r-oldrel-macos-arm64 | 1.1.2 | 1804.00 | NOTE | |||
r-oldrel-macos-x86_64 | 1.1.2 | 1803.00 | NOTE | |||
r-oldrel-windows-ix86+x86_64 | 1.1.2 | 1913.00 | 92.00 | 2005.00 | NOTE | --no-vignettes |
Version: 1.1.1
Flags: --no-vignettes
Check: whether package can be installed
Result: WARN
Found the following significant warnings:
margloglikelihoodLogit_n.cpp:60:13: warning: use of unary operator that may be intended as compound assignment (+=)
See ‘/home/hornik/tmp/R.check/r-devel-clang/Work/PKGS/mcemGLM.Rcheck/00install.out’ for details.
* used C++ compiler: ‘Debian clang version 15.0.6’
Flavor: r-devel-linux-x86_64-debian-clang
Version: 1.1.1
Flags: --no-vignettes
Check: Rd files
Result: NOTE
checkRd: (-1) salamander.Rd:22: Escaped LaTeX specials: \&
Flavor: r-devel-linux-x86_64-debian-clang
Version: 1.1.2
Flags: --no-vignettes
Check: compiled code
Result: NOTE
File ‘mcemGLM/libs/mcemGLM.so’:
Found no calls to: ‘R_registerRoutines’, ‘R_useDynamicSymbols’
It is good practice to register native routines and to disable symbol
search.
See ‘Writing portable packages’ in the ‘Writing R Extensions’ manual.
Flavors: r-devel-linux-x86_64-fedora-clang, r-devel-linux-x86_64-fedora-gcc
Version: 1.1.2
Flags: --no-vignettes
Check: installed package size
Result: NOTE
installed size is 5.5Mb
sub-directories of 1Mb or more:
doc 3.8Mb
libs 1.5Mb
Flavors: r-devel-windows-x86_64, r-release-windows-x86_64, r-oldrel-windows-ix86+x86_64
Version: 1.1.2
Check: installed package size
Result: NOTE
installed size is 17.9Mb
sub-directories of 1Mb or more:
doc 3.8Mb
libs 13.8Mb
Flavors: r-release-macos-arm64, r-release-macos-x86_64, r-oldrel-macos-arm64, r-oldrel-macos-x86_64