CRAN Package Check Results for Package mc.heterogeneity

Last updated on 2023-03-31 07:53:31 CEST.

Flavor Version Tinstall Tcheck Ttotal Status Flags
r-devel-linux-x86_64-debian-clang 0.1.2 7.15 76.60 83.75 NOTE
r-devel-linux-x86_64-debian-gcc 0.1.2 6.93 59.71 66.64 NOTE
r-devel-linux-x86_64-fedora-clang 0.1.2 106.08 NOTE
r-devel-linux-x86_64-fedora-gcc 0.1.2 117.61 NOTE
r-devel-windows-x86_64 0.1.2 23.00 0.00 23.00 NOTE
r-patched-linux-x86_64 0.1.2 7.54 74.36 81.90 NOTE
r-release-linux-x86_64 0.1.2 8.93 73.88 82.81 NOTE
r-release-macos-arm64 0.1.2 31.00 NOTE
r-release-macos-x86_64 0.1.2 47.00 NOTE
r-release-windows-x86_64 0.1.2 31.00 111.00 142.00 NOTE
r-oldrel-macos-arm64 0.1.2 39.00 NOTE
r-oldrel-macos-x86_64 0.1.2 64.00 NOTE
r-oldrel-windows-ix86+x86_64 0.1.2 18.00 99.00 117.00 NOTE

Check Details

Version: 0.1.2
Check: Rd files
Result: NOTE
    checkRd: (-1) mc.lnOR.Rd:7: Escaped LaTeX specials: \&
Flavors: r-devel-linux-x86_64-debian-clang, r-devel-linux-x86_64-debian-gcc, r-devel-linux-x86_64-fedora-clang, r-devel-linux-x86_64-fedora-gcc, r-devel-windows-x86_64, r-patched-linux-x86_64

Version: 0.1.2
Check: LazyData
Result: NOTE
     'LazyData' is specified without a 'data' directory
Flavors: r-devel-linux-x86_64-debian-clang, r-devel-linux-x86_64-debian-gcc, r-devel-linux-x86_64-fedora-clang, r-devel-linux-x86_64-fedora-gcc, r-devel-windows-x86_64, r-patched-linux-x86_64, r-release-linux-x86_64, r-release-macos-arm64, r-release-macos-x86_64, r-release-windows-x86_64, r-oldrel-macos-arm64, r-oldrel-macos-x86_64, r-oldrel-windows-ix86+x86_64

Version: 0.1.2
Check: dependencies in R code
Result: NOTE
    Namespace in Imports field not imported from: ‘boot.heterogeneity’
     All declared Imports should be used.
Flavors: r-devel-linux-x86_64-fedora-clang, r-devel-linux-x86_64-fedora-gcc, r-release-macos-arm64, r-release-macos-x86_64, r-oldrel-macos-arm64, r-oldrel-macos-x86_64