Last updated on 2023-01-30 09:54:17 CET.
Flavor | Version | Tinstall | Tcheck | Ttotal | Status | Flags |
---|---|---|---|---|---|---|
r-devel-linux-x86_64-debian-clang | 2.0.0 | 3.63 | 43.52 | 47.15 | NOTE | |
r-devel-linux-x86_64-debian-gcc | 2.0.0 | 2.91 | 31.92 | 34.83 | NOTE | |
r-devel-linux-x86_64-fedora-clang | 2.0.0 | 57.26 | NOTE | |||
r-devel-linux-x86_64-fedora-gcc | 2.0.0 | 56.65 | NOTE | |||
r-devel-windows-x86_64 | 2.0.0 | 30.00 | 74.00 | 104.00 | NOTE | |
r-patched-linux-x86_64 | 2.0.0 | 2.61 | 41.02 | 43.63 | NOTE | |
r-release-linux-x86_64 | 2.0.0 | 3.74 | 41.03 | 44.77 | NOTE | |
r-release-macos-arm64 | 2.0.0 | 18.00 | NOTE | |||
r-release-macos-x86_64 | 2.0.0 | 27.00 | NOTE | |||
r-release-windows-x86_64 | 2.0.0 | 8.00 | 68.00 | 76.00 | NOTE | |
r-oldrel-macos-arm64 | 2.0.0 | 26.00 | NOTE | |||
r-oldrel-macos-x86_64 | 2.0.0 | 36.00 | NOTE | |||
r-oldrel-windows-ix86+x86_64 | 2.0.0 | 7.00 | 43.00 | 50.00 | NOTE |
Version: 2.0.0
Check: LazyData
Result: NOTE
'LazyData' is specified without a 'data' directory
Flavors: r-devel-linux-x86_64-debian-clang, r-devel-linux-x86_64-debian-gcc, r-devel-linux-x86_64-fedora-clang, r-devel-linux-x86_64-fedora-gcc, r-devel-windows-x86_64, r-patched-linux-x86_64, r-release-linux-x86_64, r-release-macos-arm64, r-release-macos-x86_64, r-release-windows-x86_64, r-oldrel-macos-arm64, r-oldrel-macos-x86_64, r-oldrel-windows-ix86+x86_64