Last updated on 2025-01-18 09:49:21 CET.
Flavor | Version | Tinstall | Tcheck | Ttotal | Status | Flags |
---|---|---|---|---|---|---|
r-devel-linux-x86_64-debian-clang | 0.1.9 | 86.75 | 30.73 | 117.48 | NOTE | |
r-devel-linux-x86_64-debian-gcc | 0.1.9 | 75.07 | 23.38 | 98.45 | NOTE | |
r-devel-linux-x86_64-fedora-clang | 0.1.9 | 209.63 | NOTE | |||
r-devel-linux-x86_64-fedora-gcc | 0.1.9 | 278.84 | NOTE | |||
r-devel-windows-x86_64 | 0.1.9 | 95.00 | 74.00 | 169.00 | NOTE | |
r-patched-linux-x86_64 | 0.1.9 | 100.81 | 29.38 | 130.19 | NOTE | |
r-release-linux-x86_64 | 0.1.9 | 103.52 | 29.48 | 133.00 | NOTE | |
r-release-macos-arm64 | 0.1.9 | 54.00 | NOTE | |||
r-release-macos-x86_64 | 0.1.9 | 53.00 | NOTE | |||
r-release-windows-x86_64 | 0.1.9 | 100.00 | 82.00 | 182.00 | NOTE | |
r-oldrel-macos-arm64 | 0.1.9 | 75.00 | NOTE | |||
r-oldrel-macos-x86_64 | 0.1.9 | 111.00 | NOTE | |||
r-oldrel-windows-x86_64 | 0.1.9 | 108.00 | 87.00 | 195.00 | NOTE |
Version: 0.1.9
Check: C++ specification
Result: NOTE
Specified C++11: please drop specification unless essential
Flavors: r-devel-linux-x86_64-debian-clang, r-devel-linux-x86_64-debian-gcc, r-devel-linux-x86_64-fedora-clang, r-devel-linux-x86_64-fedora-gcc, r-devel-windows-x86_64, r-patched-linux-x86_64, r-release-linux-x86_64, r-release-macos-arm64, r-release-macos-x86_64, r-release-windows-x86_64, r-oldrel-macos-arm64, r-oldrel-macos-x86_64, r-oldrel-windows-x86_64
Version: 0.1.9
Check: for GNU extensions in Makefiles
Result: NOTE
GNU make is a SystemRequirements.
Flavors: r-patched-linux-x86_64, r-release-linux-x86_64, r-release-macos-arm64, r-release-macos-x86_64, r-release-windows-x86_64, r-oldrel-macos-arm64, r-oldrel-macos-x86_64, r-oldrel-windows-x86_64
Version: 0.1.9
Check: installed package size
Result: NOTE
installed size is 8.3Mb
sub-directories of 1Mb or more:
libs 8.1Mb
Flavors: r-release-macos-arm64, r-release-macos-x86_64, r-oldrel-macos-arm64, r-oldrel-macos-x86_64