CRAN Package Check Results for Package matrixProfile

Last updated on 2023-02-09 07:56:54 CET.

Flavor Version Tinstall Tcheck Ttotal Status Flags
r-devel-linux-x86_64-debian-clang 0.5.0 3.24 29.56 32.80 NOTE
r-devel-linux-x86_64-debian-gcc 0.5.0 1.76 23.43 25.19 NOTE
r-devel-linux-x86_64-fedora-clang 0.5.0 41.53 NOTE
r-devel-linux-x86_64-fedora-gcc 0.5.0 39.08 NOTE
r-devel-windows-x86_64 0.5.0 14.00 60.00 74.00 NOTE
r-patched-linux-x86_64 0.5.0 2.96 29.66 32.62 NOTE
r-release-linux-x86_64 0.5.0 2.62 30.09 32.71 NOTE
r-release-macos-arm64 0.5.0 19.00 NOTE
r-release-macos-x86_64 0.5.0 24.00 NOTE
r-release-windows-x86_64 0.5.0 19.00 62.00 81.00 NOTE
r-oldrel-macos-arm64 0.5.0 24.00 NOTE
r-oldrel-macos-x86_64 0.5.0 32.00 NOTE
r-oldrel-windows-ix86+x86_64 0.5.0 6.00 52.00 58.00 NOTE

Check Details

Version: 0.5.0
Check: LazyData
Result: NOTE
     'LazyData' is specified without a 'data' directory
Flavors: r-devel-linux-x86_64-debian-clang, r-devel-linux-x86_64-debian-gcc, r-devel-linux-x86_64-fedora-clang, r-devel-linux-x86_64-fedora-gcc, r-devel-windows-x86_64, r-patched-linux-x86_64, r-release-linux-x86_64, r-release-macos-arm64, r-release-macos-x86_64, r-release-windows-x86_64, r-oldrel-macos-arm64, r-oldrel-macos-x86_64, r-oldrel-windows-ix86+x86_64