CRAN Package Check Results for Package matrixProfile

Last updated on 2023-11-30 08:49:59 CET.

Flavor Version Tinstall Tcheck Ttotal Status Flags
r-devel-linux-x86_64-debian-clang 0.5.0 2.92 28.22 31.14 NOTE
r-devel-linux-x86_64-debian-gcc 0.5.0 2.28 22.09 24.37 NOTE
r-devel-linux-x86_64-fedora-clang 0.5.0 40.84 NOTE
r-devel-linux-x86_64-fedora-gcc 0.5.0 40.10 NOTE
r-devel-windows-x86_64 0.5.0 3.00 45.00 48.00 NOTE
r-patched-linux-x86_64 0.5.0 3.22 28.29 31.51 NOTE
r-release-linux-x86_64 0.5.0 2.93 27.72 30.65 NOTE
r-release-macos-arm64 0.5.0 18.00 NOTE
r-release-macos-x86_64 0.5.0 24.00 NOTE
r-release-windows-x86_64 0.5.0 5.00 47.00 52.00 NOTE
r-oldrel-macos-arm64 0.5.0 19.00 NOTE
r-oldrel-macos-x86_64 0.5.0 24.00 NOTE
r-oldrel-windows-x86_64 0.5.0 4.00 51.00 55.00 NOTE

Check Details

Version: 0.5.0
Check: LazyData
Result: NOTE 'LazyData' is specified without a 'data' directory Flavors: r-devel-linux-x86_64-debian-clang, r-devel-linux-x86_64-debian-gcc, r-devel-linux-x86_64-fedora-clang, r-devel-linux-x86_64-fedora-gcc, r-devel-windows-x86_64, r-patched-linux-x86_64, r-release-linux-x86_64, r-release-macos-arm64, r-release-macos-x86_64, r-release-windows-x86_64, r-oldrel-macos-arm64, r-oldrel-macos-x86_64, r-oldrel-windows-x86_64