Last updated on 2023-01-31 07:54:16 CET.
Flavor | Version | Tinstall | Tcheck | Ttotal | Status | Flags |
---|---|---|---|---|---|---|
r-devel-linux-x86_64-debian-clang | 0.8.2 | 20.10 | 65.16 | 85.26 | NOTE | |
r-devel-linux-x86_64-debian-gcc | 0.8.2 | 16.36 | 44.91 | 61.27 | NOTE | |
r-devel-linux-x86_64-fedora-clang | 0.8.2 | 118.09 | NOTE | |||
r-devel-linux-x86_64-fedora-gcc | 0.8.2 | 117.86 | NOTE | |||
r-devel-windows-x86_64 | 0.8.2 | 44.00 | 109.00 | 153.00 | NOTE | |
r-patched-linux-x86_64 | 0.8.2 | 19.63 | 60.73 | 80.36 | NOTE | |
r-release-linux-x86_64 | 0.8.2 | 19.55 | 64.16 | 83.71 | NOTE | |
r-release-macos-arm64 | 0.8.2 | 35.00 | NOTE | |||
r-release-macos-x86_64 | 0.8.2 | 62.00 | NOTE | |||
r-release-windows-x86_64 | 0.8.2 | 26.00 | 132.00 | 158.00 | NOTE | |
r-oldrel-macos-arm64 | 0.8.2 | 45.00 | NOTE | |||
r-oldrel-macos-x86_64 | 0.8.2 | 54.00 | NOTE | |||
r-oldrel-windows-ix86+x86_64 | 0.8.2 | 58.00 | 126.00 | 184.00 | NOTE |
Version: 0.8.2
Check: LazyData
Result: NOTE
'LazyData' is specified without a 'data' directory
Flavors: r-devel-linux-x86_64-debian-clang, r-devel-linux-x86_64-debian-gcc, r-devel-linux-x86_64-fedora-clang, r-devel-linux-x86_64-fedora-gcc, r-devel-windows-x86_64, r-patched-linux-x86_64, r-release-linux-x86_64, r-release-macos-arm64, r-release-macos-x86_64, r-release-windows-x86_64, r-oldrel-macos-arm64, r-oldrel-macos-x86_64, r-oldrel-windows-ix86+x86_64