Last updated on 2023-02-07 07:54:06 CET.
Flavor | Version | Tinstall | Tcheck | Ttotal | Status | Flags |
---|---|---|---|---|---|---|
r-devel-linux-x86_64-debian-clang | 1.3.3 | 68.76 | 41.84 | 110.60 | NOTE | |
r-devel-linux-x86_64-debian-gcc | 1.3.3 | 50.99 | 32.94 | 83.93 | NOTE | |
r-devel-linux-x86_64-fedora-clang | 1.3.3 | 170.57 | NOTE | |||
r-devel-linux-x86_64-fedora-gcc | 1.3.3 | 157.79 | NOTE | |||
r-devel-windows-x86_64 | 1.3.3 | 83.00 | 96.00 | 179.00 | NOTE | |
r-patched-linux-x86_64 | 1.3.3 | 51.10 | 41.17 | 92.27 | OK | |
r-release-linux-x86_64 | 1.3.3 | 57.94 | 41.69 | 99.63 | OK | |
r-release-macos-arm64 | 1.3.3 | 39.00 | OK | |||
r-release-macos-x86_64 | 1.3.3 | 54.00 | OK | |||
r-release-windows-x86_64 | 1.3.3 | 85.00 | 104.00 | 189.00 | OK | |
r-oldrel-macos-arm64 | 1.3.3 | 43.00 | OK | |||
r-oldrel-macos-x86_64 | 1.3.3 | 79.00 | OK | |||
r-oldrel-windows-ix86+x86_64 | 1.3.3 | 176.00 | 108.00 | 284.00 | OK |
Version: 1.3.3
Check: C++ specification
Result: NOTE
Specified C++11: please update to current default of C++17
Flavors: r-devel-linux-x86_64-debian-clang, r-devel-linux-x86_64-debian-gcc, r-devel-linux-x86_64-fedora-clang, r-devel-linux-x86_64-fedora-gcc, r-devel-windows-x86_64