CRAN Package Check Results for Package matahari

Last updated on 2023-02-04 08:01:20 CET.

Flavor Version Tinstall Tcheck Ttotal Status Flags
r-devel-linux-x86_64-debian-clang 0.1.3 4.93 47.02 51.95 NOTE
r-devel-linux-x86_64-debian-gcc 0.1.3 3.93 35.36 39.29 NOTE
r-devel-linux-x86_64-fedora-clang 0.1.3 63.68 NOTE
r-devel-linux-x86_64-fedora-gcc 0.1.3 74.28 NOTE
r-devel-windows-x86_64 0.1.3 18.00 77.00 95.00 NOTE
r-patched-linux-x86_64 0.1.3 4.24 45.50 49.74 NOTE
r-release-linux-x86_64 0.1.3 4.68 45.94 50.62 NOTE
r-release-macos-arm64 0.1.3 24.00 NOTE
r-release-macos-x86_64 0.1.3 41.00 NOTE
r-release-windows-x86_64 0.1.3 11.00 84.00 95.00 NOTE
r-oldrel-macos-arm64 0.1.3 22.00 NOTE
r-oldrel-macos-x86_64 0.1.3 35.00 NOTE
r-oldrel-windows-ix86+x86_64 0.1.3 13.00 76.00 89.00 NOTE

Check Details

Version: 0.1.3
Check: LazyData
Result: NOTE
     'LazyData' is specified without a 'data' directory
Flavors: r-devel-linux-x86_64-debian-clang, r-devel-linux-x86_64-debian-gcc, r-devel-linux-x86_64-fedora-clang, r-devel-linux-x86_64-fedora-gcc, r-devel-windows-x86_64, r-patched-linux-x86_64, r-release-linux-x86_64, r-release-macos-arm64, r-release-macos-x86_64, r-release-windows-x86_64, r-oldrel-macos-arm64, r-oldrel-macos-x86_64, r-oldrel-windows-ix86+x86_64