CRAN Package Check Results for Package massiveGST

Last updated on 2024-07-14 06:54:27 CEST.

Flavor Version Tinstall Tcheck Ttotal Status Flags
r-devel-linux-x86_64-debian-clang 1.2.3 6.98 212.19 219.17 OK
r-devel-linux-x86_64-debian-gcc 1.2.3 5.24 163.90 169.14 OK
r-devel-linux-x86_64-fedora-clang 1.2.3 289.23 OK
r-devel-linux-x86_64-fedora-gcc 1.2.3 302.18 OK
r-devel-windows-x86_64 1.2.3 10.00 198.00 208.00 NOTE
r-patched-linux-x86_64 1.2.3 14.00 203.62 217.62 OK
r-release-linux-x86_64 1.2.3 4.23 202.16 206.39 OK
r-release-macos-arm64 1.2.3 86.00 OK
r-release-macos-x86_64 1.2.3 149.00 OK
r-release-windows-x86_64 1.2.3 9.00 195.00 204.00 OK
r-oldrel-macos-arm64 1.2.3 100.00 OK
r-oldrel-macos-x86_64 1.2.3 173.00 OK
r-oldrel-windows-x86_64 1.2.3 10.00 224.00 234.00 OK

Check Details

Version: 1.2.3
Check: Rd cross-references
Result: NOTE Found the following Rd file(s) with Rd \link{} targets missing package anchors: get_geneSets_from_msigdbr.Rd: msigdbr plot.mGST.Rd: visOptions, visNetwork save_as_xls.Rd: WriteXLS Please provide package anchors for all Rd \link{} targets not in the package itself and the base packages. Flavor: r-devel-windows-x86_64