Last updated on 2023-12-01 07:50:10 CET.
Flavor | Version | Tinstall | Tcheck | Ttotal | Status | Flags |
---|---|---|---|---|---|---|
r-devel-linux-x86_64-debian-clang | 0.2.79 | 74.94 | 334.06 | 409.00 | OK | |
r-devel-linux-x86_64-debian-gcc | 0.2.79 | 54.87 | 242.38 | 297.25 | OK | |
r-devel-linux-x86_64-fedora-clang | 0.2.79 | 500.62 | NOTE | |||
r-devel-linux-x86_64-fedora-gcc | 0.2.79 | 502.45 | NOTE | |||
r-devel-windows-x86_64 | 0.2.79 | 63.00 | 290.00 | 353.00 | OK | |
r-patched-linux-x86_64 | 0.2.79 | 62.25 | 311.57 | 373.82 | OK | |
r-release-linux-x86_64 | 0.2.79 | 65.15 | 311.26 | 376.41 | OK | |
r-release-macos-arm64 | 0.2.79 | 179.00 | NOTE | |||
r-release-macos-x86_64 | 0.2.79 | 385.00 | NOTE | |||
r-release-windows-x86_64 | 0.2.79 | 82.00 | 365.00 | 447.00 | OK | |
r-oldrel-macos-arm64 | 0.2.79 | 156.00 | NOTE | |||
r-oldrel-macos-x86_64 | 0.2.79 | 191.00 | NOTE | |||
r-oldrel-windows-x86_64 | 0.2.79 | 70.00 | 348.00 | 418.00 | OK |
Version: 0.2.79
Check: dependencies in R code
Result: NOTE
Namespace in Imports field not imported from: ‘softImpute’
All declared Imports should be used.
Flavors: r-devel-linux-x86_64-fedora-clang, r-devel-linux-x86_64-fedora-gcc
Version: 0.2.79
Check: installed package size
Result: NOTE
installed size is 8.3Mb
sub-directories of 1Mb or more:
libs 7.4Mb
Flavors: r-release-macos-arm64, r-release-macos-x86_64, r-oldrel-macos-arm64, r-oldrel-macos-x86_64