Last updated on 2023-02-03 06:50:24 CET.
Flavor | Version | Tinstall | Tcheck | Ttotal | Status | Flags |
---|---|---|---|---|---|---|
r-devel-linux-x86_64-debian-clang | 0.2.69 | 68.19 | 339.93 | 408.12 | NOTE | |
r-devel-linux-x86_64-debian-gcc | 0.2.69 | 56.79 | 251.11 | 307.90 | NOTE | |
r-devel-linux-x86_64-fedora-clang | 0.2.69 | 499.93 | NOTE | |||
r-devel-linux-x86_64-fedora-gcc | 0.2.69 | 518.38 | NOTE | |||
r-devel-windows-x86_64 | 0.2.69 | 124.00 | 403.00 | 527.00 | NOTE | |
r-patched-linux-x86_64 | 0.2.69 | 67.01 | 319.35 | 386.36 | NOTE | |
r-release-linux-x86_64 | 0.2.69 | 60.49 | 301.49 | 361.98 | NOTE | |
r-release-macos-arm64 | 0.2.69 | 161.00 | NOTE | |||
r-release-macos-x86_64 | 0.2.69 | 182.00 | NOTE | |||
r-release-windows-x86_64 | 0.2.69 | 98.00 | 404.00 | 502.00 | NOTE | |
r-oldrel-macos-arm64 | 0.2.69 | 149.00 | NOTE | |||
r-oldrel-macos-x86_64 | 0.2.69 | 189.00 | NOTE | |||
r-oldrel-windows-ix86+x86_64 | 0.2.69 | 158.00 | 558.00 | 716.00 | NOTE |
Version: 0.2.69
Check: package dependencies
Result: NOTE
Package suggested but not available for checking: ‘flashier’
Flavors: r-devel-linux-x86_64-debian-clang, r-devel-linux-x86_64-debian-gcc, r-devel-linux-x86_64-fedora-clang, r-devel-linux-x86_64-fedora-gcc, r-devel-windows-x86_64, r-patched-linux-x86_64, r-release-linux-x86_64, r-release-macos-arm64, r-release-macos-x86_64, r-release-windows-x86_64, r-oldrel-macos-arm64, r-oldrel-macos-x86_64, r-oldrel-windows-ix86+x86_64
Version: 0.2.69
Check: C++ specification
Result: NOTE
Specified C++11: please update to current default of C++17
Flavors: r-devel-linux-x86_64-debian-clang, r-devel-linux-x86_64-debian-gcc, r-devel-linux-x86_64-fedora-clang, r-devel-linux-x86_64-fedora-gcc, r-devel-windows-x86_64
Version: 0.2.69
Check: dependencies in R code
Result: NOTE
Namespace in Imports field not imported from: ‘softImpute’
All declared Imports should be used.
Flavors: r-devel-linux-x86_64-fedora-clang, r-devel-linux-x86_64-fedora-gcc, r-release-macos-arm64, r-release-macos-x86_64, r-oldrel-macos-arm64, r-oldrel-macos-x86_64
Version: 0.2.69
Check: installed package size
Result: NOTE
installed size is 8.7Mb
sub-directories of 1Mb or more:
libs 7.7Mb
Flavors: r-release-macos-arm64, r-release-macos-x86_64, r-oldrel-macos-arm64, r-oldrel-macos-x86_64