CRAN Package Check Results for Package marqLevAlg

Last updated on 2024-02-21 07:52:33 CET.

Flavor Version Tinstall Tcheck Ttotal Status Flags
r-devel-linux-x86_64-debian-clang 2.0.8 NOTE
r-devel-linux-x86_64-debian-gcc 2.0.8 4.19 120.35 124.54 NOTE
r-devel-linux-x86_64-fedora-clang 2.0.8 211.25 OK
r-devel-linux-x86_64-fedora-gcc 2.0.8 216.03 OK
r-devel-windows-x86_64 2.0.8 8.00 146.00 154.00 OK
r-patched-linux-x86_64 2.0.8 4.36 160.54 164.90 OK
r-release-linux-x86_64 2.0.8 4.78 160.14 164.92 OK
r-release-macos-arm64 2.0.8 66.00 OK
r-release-macos-x86_64 2.0.8 116.00 OK
r-release-windows-x86_64 2.0.8 9.00 197.00 206.00 OK
r-oldrel-macos-arm64 2.0.8 52.00 OK
r-oldrel-windows-x86_64 2.0.8 8.00 200.00 208.00 OK

Check Details

Version: 2.0.8
Check: Rd files
Result: NOTE checkRd: (-1) marqLevAlg-package.Rd:14: Lost braces; missing escapes or markup? 14 | (GH^{-1}G). | ^ Flavors: r-devel-linux-x86_64-debian-clang, r-devel-linux-x86_64-debian-gcc