Last updated on 2023-01-31 07:54:16 CET.
Flavor | Version | Tinstall | Tcheck | Ttotal | Status | Flags |
---|---|---|---|---|---|---|
r-devel-linux-x86_64-debian-clang | 1.1.4 | 74.47 | 288.88 | 363.35 | OK | |
r-devel-linux-x86_64-debian-gcc | 1.1.4 | 67.48 | 206.62 | 274.10 | OK | |
r-devel-linux-x86_64-fedora-clang | 1.1.4 | 457.51 | OK | |||
r-devel-linux-x86_64-fedora-gcc | 1.1.4 | 493.90 | OK | |||
r-devel-windows-x86_64 | 1.1.4 | 121.00 | 427.00 | 548.00 | OK | |
r-patched-linux-x86_64 | 1.1.4 | 77.65 | 272.28 | 349.93 | OK | |
r-release-linux-x86_64 | 1.1.4 | 76.02 | 265.15 | 341.17 | OK | |
r-release-macos-arm64 | 1.1.4 | 131.00 | NOTE | |||
r-release-macos-x86_64 | 1.1.4 | 151.00 | NOTE | |||
r-release-windows-x86_64 | 1.1.4 | 134.00 | 425.00 | 559.00 | OK | |
r-oldrel-macos-arm64 | 1.1.4 | 132.00 | NOTE | |||
r-oldrel-macos-x86_64 | 1.1.4 | 158.00 | NOTE | |||
r-oldrel-windows-ix86+x86_64 | 1.1.4 | 144.00 | 454.00 | 598.00 | OK |
Version: 1.1.4
Check: installed package size
Result: NOTE
installed size is 5.6Mb
sub-directories of 1Mb or more:
libs 3.4Mb
Flavors: r-release-macos-arm64, r-release-macos-x86_64, r-oldrel-macos-arm64, r-oldrel-macos-x86_64