Last updated on 2023-10-02 07:56:31 CEST.
Flavor | Version | Tinstall | Tcheck | Ttotal | Status | Flags |
---|---|---|---|---|---|---|
r-devel-linux-x86_64-debian-clang | 0.1.1 | 58.27 | 109.18 | 167.45 | NOTE | |
r-devel-linux-x86_64-debian-gcc | 0.1.1 | 43.62 | 76.42 | 120.04 | NOTE | |
r-devel-linux-x86_64-fedora-clang | 0.1.1 | 214.35 | NOTE | |||
r-devel-linux-x86_64-fedora-gcc | 0.1.1 | 222.95 | NOTE | |||
r-devel-windows-x86_64 | 0.1.1 | 51.00 | 126.00 | 177.00 | NOTE | |
r-patched-linux-x86_64 | 0.1.1 | 60.67 | 96.45 | 157.12 | NOTE | |
r-release-linux-x86_64 | 0.1.1 | 65.19 | 96.41 | 161.60 | NOTE | |
r-release-macos-arm64 | 0.1.1 | 72.00 | NOTE | |||
r-release-macos-x86_64 | 0.1.1 | 123.00 | NOTE | |||
r-release-windows-x86_64 | 0.1.1 | 66.00 | 137.00 | 203.00 | NOTE | |
r-oldrel-macos-arm64 | 0.1.1 | 62.00 | NOTE | |||
r-oldrel-macos-x86_64 | 0.1.1 | 87.00 | NOTE | |||
r-oldrel-windows-x86_64 | 0.1.1 | 59.00 | 135.00 | 194.00 | NOTE |
Version: 0.1.1
Check: C++ specification
Result: NOTE
Specified C++11: please drop specification unless essential
Flavors: r-devel-linux-x86_64-debian-clang, r-devel-linux-x86_64-debian-gcc, r-devel-linux-x86_64-fedora-clang, r-devel-linux-x86_64-fedora-gcc, r-devel-windows-x86_64, r-patched-linux-x86_64, r-release-linux-x86_64, r-release-macos-arm64, r-release-macos-x86_64, r-release-windows-x86_64
Version: 0.1.1
Check: installed package size
Result: NOTE
installed size is 5.3Mb
sub-directories of 1Mb or more:
examples 2.7Mb
libs 1.3Mb
Flavors: r-devel-windows-x86_64, r-release-macos-arm64, r-release-macos-x86_64, r-release-windows-x86_64, r-oldrel-macos-arm64, r-oldrel-macos-x86_64, r-oldrel-windows-x86_64