Last updated on 2023-02-07 07:54:06 CET.
Flavor | Version | Tinstall | Tcheck | Ttotal | Status | Flags |
---|---|---|---|---|---|---|
r-devel-linux-x86_64-debian-clang | 0.1.1 | 67.05 | 104.07 | 171.12 | NOTE | |
r-devel-linux-x86_64-debian-gcc | 0.1.1 | 54.80 | 76.33 | 131.13 | NOTE | |
r-devel-linux-x86_64-fedora-clang | 0.1.1 | 214.38 | NOTE | |||
r-devel-linux-x86_64-fedora-gcc | 0.1.1 | 212.00 | NOTE | |||
r-devel-windows-x86_64 | 0.1.1 | 65.00 | 151.00 | 216.00 | NOTE | |
r-patched-linux-x86_64 | 0.1.1 | 48.63 | 96.26 | 144.89 | OK | |
r-release-linux-x86_64 | 0.1.1 | 57.59 | 94.17 | 151.76 | OK | |
r-release-macos-arm64 | 0.1.1 | 64.00 | NOTE | |||
r-release-macos-x86_64 | 0.1.1 | 87.00 | NOTE | |||
r-release-windows-x86_64 | 0.1.1 | 66.00 | 163.00 | 229.00 | NOTE | |
r-oldrel-macos-arm64 | 0.1.1 | 77.00 | NOTE | |||
r-oldrel-macos-x86_64 | 0.1.1 | 98.00 | NOTE | |||
r-oldrel-windows-ix86+x86_64 | 0.1.1 | 144.00 | 177.00 | 321.00 | NOTE |
Version: 0.1.1
Check: C++ specification
Result: NOTE
Specified C++11: please update to current default of C++17
Flavors: r-devel-linux-x86_64-debian-clang, r-devel-linux-x86_64-debian-gcc, r-devel-linux-x86_64-fedora-clang, r-devel-linux-x86_64-fedora-gcc, r-devel-windows-x86_64
Version: 0.1.1
Check: installed package size
Result: NOTE
installed size is 5.3Mb
sub-directories of 1Mb or more:
examples 2.7Mb
libs 1.3Mb
Flavors: r-devel-windows-x86_64, r-release-macos-arm64, r-release-macos-x86_64, r-release-windows-x86_64, r-oldrel-macos-arm64, r-oldrel-macos-x86_64, r-oldrel-windows-ix86+x86_64