Last updated on 2023-01-27 07:50:36 CET.
Flavor | Version | Tinstall | Tcheck | Ttotal | Status | Flags |
---|---|---|---|---|---|---|
r-devel-linux-x86_64-debian-clang | 2021.2-4 | 1.61 | 32.69 | 34.30 | NOTE | |
r-devel-linux-x86_64-debian-gcc | 2021.2-4 | 1.52 | 25.85 | 27.37 | NOTE | |
r-devel-linux-x86_64-fedora-clang | 2021.2-4 | 44.60 | NOTE | |||
r-devel-linux-x86_64-fedora-gcc | 2021.2-4 | 44.02 | NOTE | |||
r-devel-windows-x86_64 | 2021.2-4 | 20.00 | 66.00 | 86.00 | NOTE | |
r-patched-linux-x86_64 | 2021.2-4 | 2.07 | 32.63 | 34.70 | NOTE | |
r-release-linux-x86_64 | 2021.2-4 | 1.73 | 32.89 | 34.62 | NOTE | |
r-release-macos-arm64 | 2021.2-4 | 21.00 | NOTE | |||
r-release-macos-x86_64 | 2021.2-4 | 26.00 | NOTE | |||
r-release-windows-x86_64 | 2021.2-4 | 24.00 | 67.00 | 91.00 | NOTE | |
r-oldrel-macos-arm64 | 2021.2-4 | 22.00 | NOTE | |||
r-oldrel-macos-x86_64 | 2021.2-4 | 35.00 | NOTE | |||
r-oldrel-windows-ix86+x86_64 | 2021.2-4 | 6.00 | 64.00 | 70.00 | NOTE |
Version: 2021.2-4
Check: LazyData
Result: NOTE
'LazyData' is specified without a 'data' directory
Flavors: r-devel-linux-x86_64-debian-clang, r-devel-linux-x86_64-debian-gcc, r-devel-linux-x86_64-fedora-clang, r-devel-linux-x86_64-fedora-gcc, r-devel-windows-x86_64, r-patched-linux-x86_64, r-release-linux-x86_64, r-release-macos-arm64, r-release-macos-x86_64, r-release-windows-x86_64, r-oldrel-macos-arm64, r-oldrel-macos-x86_64, r-oldrel-windows-ix86+x86_64