Last updated on 2023-02-03 06:50:24 CET.
Flavor | Version | Tinstall | Tcheck | Ttotal | Status | Flags |
---|---|---|---|---|---|---|
r-devel-linux-x86_64-debian-clang | 0.0.6 | 44.87 | 80.60 | 125.47 | NOTE | |
r-devel-linux-x86_64-debian-gcc | 0.0.6 | 37.72 | 59.52 | 97.24 | NOTE | |
r-devel-linux-x86_64-fedora-clang | 0.0.6 | 173.18 | NOTE | |||
r-devel-linux-x86_64-fedora-gcc | 0.0.6 | 167.39 | NOTE | |||
r-devel-windows-x86_64 | 0.0.6 | 56.00 | 134.00 | 190.00 | NOTE | |
r-patched-linux-x86_64 | 0.0.6 | 34.83 | 76.58 | 111.41 | OK | |
r-release-linux-x86_64 | 0.0.6 | 35.81 | 76.07 | 111.88 | OK | |
r-release-macos-arm64 | 0.0.6 | 42.00 | NOTE | |||
r-release-macos-x86_64 | 0.0.6 | 62.00 | NOTE | |||
r-release-windows-x86_64 | 0.0.6 | 55.00 | 141.00 | 196.00 | OK | |
r-oldrel-macos-arm64 | 0.0.6 | 61.00 | NOTE | |||
r-oldrel-macos-x86_64 | 0.0.6 | 62.00 | NOTE | |||
r-oldrel-windows-ix86+x86_64 | 0.0.6 | 114.00 | 148.00 | 262.00 | NOTE |
Version: 0.0.6
Check: C++ specification
Result: NOTE
Specified C++11: please update to current default of C++17
Flavors: r-devel-linux-x86_64-debian-clang, r-devel-linux-x86_64-debian-gcc, r-devel-linux-x86_64-fedora-clang, r-devel-linux-x86_64-fedora-gcc, r-devel-windows-x86_64
Version: 0.0.6
Check: installed package size
Result: NOTE
installed size is 5.5Mb
sub-directories of 1Mb or more:
doc 2.8Mb
libs 2.0Mb
Flavors: r-release-macos-arm64, r-release-macos-x86_64, r-oldrel-macos-arm64, r-oldrel-macos-x86_64, r-oldrel-windows-ix86+x86_64