Last updated on 2023-02-04 08:01:20 CET.
Flavor | Version | Tinstall | Tcheck | Ttotal | Status | Flags |
---|---|---|---|---|---|---|
r-devel-linux-x86_64-debian-clang | 0.5.3 | 3.91 | 61.45 | 65.36 | NOTE | |
r-devel-linux-x86_64-debian-gcc | 0.5.3 | 3.66 | 46.65 | 50.31 | NOTE | |
r-devel-linux-x86_64-fedora-clang | 0.5.3 | 81.35 | NOTE | |||
r-devel-linux-x86_64-fedora-gcc | 0.5.3 | 91.44 | NOTE | |||
r-devel-windows-x86_64 | 0.5.3 | 26.00 | 110.00 | 136.00 | NOTE | |
r-patched-linux-x86_64 | 0.5.3 | 4.17 | 58.81 | 62.98 | OK | |
r-release-linux-x86_64 | 0.5.3 | 4.32 | 59.55 | 63.87 | OK | |
r-release-macos-arm64 | 0.5.3 | 28.00 | NOTE | |||
r-release-macos-x86_64 | 0.5.3 | 52.00 | NOTE | |||
r-release-windows-x86_64 | 0.5.3 | 14.00 | 115.00 | 129.00 | OK | |
r-oldrel-macos-arm64 | 0.5.3 | 33.00 | NOTE | |||
r-oldrel-macos-x86_64 | 0.5.3 | 54.00 | NOTE | |||
r-oldrel-windows-ix86+x86_64 | 0.5.3 | 10.00 | 100.00 | 110.00 | OK |
Version: 0.5.3
Check: package subdirectories
Result: NOTE
Problems with news in ‘NEWS.md’:
Cannot extract version info from the following section titles:
To do
Flavors: r-devel-linux-x86_64-debian-clang, r-devel-linux-x86_64-debian-gcc, r-devel-linux-x86_64-fedora-clang, r-devel-linux-x86_64-fedora-gcc, r-devel-windows-x86_64
Version: 0.5.3
Check: data for non-ASCII characters
Result: NOTE
Note: found 55 marked UTF-8 strings
Flavors: r-devel-linux-x86_64-fedora-clang, r-devel-linux-x86_64-fedora-gcc, r-release-macos-arm64, r-release-macos-x86_64, r-oldrel-macos-arm64, r-oldrel-macos-x86_64