CRAN Package Check Results for Package mapsPERU

Last updated on 2024-03-04 07:48:32 CET.

Flavor Version Tinstall Tcheck Ttotal Status Flags
r-devel-linux-x86_64-debian-clang 2.0.0 4.79 37.39 42.18 OK
r-devel-linux-x86_64-debian-gcc 2.0.0 5.16 28.98 34.14 OK
r-devel-linux-x86_64-fedora-clang 2.0.0 54.30 NOTE
r-devel-linux-x86_64-fedora-gcc 2.0.0 52.54 NOTE
r-devel-windows-x86_64 2.0.0 7.00 50.00 57.00 OK
r-patched-linux-x86_64 2.0.0 5.22 37.05 42.27 OK
r-release-linux-x86_64 2.0.0 4.73 37.09 41.82 OK
r-release-macos-arm64 2.0.0 24.00 OK
r-release-macos-x86_64 2.0.0 34.00 OK
r-release-windows-x86_64 2.0.0 9.00 53.00 62.00 OK
r-oldrel-macos-arm64 2.0.0 26.00 OK
r-oldrel-windows-x86_64 2.0.0 9.00 60.00 69.00 OK

Check Details

Version: 2.0.0
Check: data for non-ASCII characters
Result: NOTE Note: found 1810 marked UTF-8 strings Flavors: r-devel-linux-x86_64-fedora-clang, r-devel-linux-x86_64-fedora-gcc