CRAN Package Check Results for Package mapdata

Last updated on 2023-04-02 07:55:17 CEST.

Flavor Version Tinstall Tcheck Ttotal Status Flags
r-devel-linux-x86_64-debian-clang 2.3.1 17.54 24.33 41.87 OK
r-devel-linux-x86_64-debian-gcc 2.3.1 11.14 19.15 30.29 OK
r-devel-linux-x86_64-fedora-clang 2.3.1 51.11 NOTE
r-devel-linux-x86_64-fedora-gcc 2.3.1 50.63 OK
r-devel-windows-x86_64 2.3.1 23.00 51.00 74.00 NOTE
r-patched-linux-x86_64 2.3.1 14.75 23.65 38.40 OK
r-release-linux-x86_64 2.3.1 15.58 24.85 40.43 OK
r-release-macos-arm64 2.3.1 30.00 NOTE
r-release-macos-x86_64 2.3.1 44.00 NOTE
r-release-windows-x86_64 2.3.1 65.00 55.00 120.00 NOTE
r-oldrel-macos-arm64 2.3.1 27.00 NOTE
r-oldrel-macos-x86_64 2.3.1 46.00 NOTE
r-oldrel-windows-ix86+x86_64 2.3.1 75.00 50.00 125.00 NOTE

Check Details

Version: 2.3.1
Check: installed package size
Result: NOTE
     installed size is 33.5Mb
     sub-directories of 1Mb or more:
     mapdata 33.4Mb
Flavors: r-devel-linux-x86_64-fedora-clang, r-devel-windows-x86_64, r-release-macos-arm64, r-release-macos-x86_64, r-release-windows-x86_64, r-oldrel-macos-arm64, r-oldrel-macos-x86_64, r-oldrel-windows-ix86+x86_64