CRAN Package Check Results for Package mapcan

Last updated on 2023-12-03 08:50:12 CET.

Flavor Version Tinstall Tcheck Ttotal Status Flags
r-devel-linux-x86_64-debian-clang 0.0.1 6.17 32.15 38.32 OK
r-devel-linux-x86_64-debian-gcc 0.0.1 5.14 25.45 30.59 OK
r-devel-linux-x86_64-fedora-clang 0.0.1 48.91 NOTE
r-devel-linux-x86_64-fedora-gcc 0.0.1 76.47 NOTE
r-devel-windows-x86_64 0.0.1 12.00 54.00 66.00 OK
r-patched-linux-x86_64 0.0.1 6.24 32.08 38.32 OK
r-release-linux-x86_64 0.0.1 5.74 31.58 37.32 OK
r-release-macos-arm64 0.0.1 36.00 OK
r-release-macos-x86_64 0.0.1 52.00 OK
r-release-windows-x86_64 0.0.1 15.00 57.00 72.00 OK
r-oldrel-macos-arm64 0.0.1 28.00 NOTE
r-oldrel-macos-x86_64 0.0.1 49.00 NOTE
r-oldrel-windows-x86_64 0.0.1 16.00 57.00 73.00 OK

Check Details

Version: 0.0.1
Check: dependencies in R code
Result: NOTE Namespace in Imports field not imported from: ‘dplyr’ All declared Imports should be used. Flavors: r-devel-linux-x86_64-fedora-clang, r-devel-linux-x86_64-fedora-gcc, r-oldrel-macos-arm64, r-oldrel-macos-x86_64

Version: 0.0.1
Check: data for non-ASCII characters
Result: NOTE Note: found 3058 marked UTF-8 strings Flavors: r-devel-linux-x86_64-fedora-clang, r-devel-linux-x86_64-fedora-gcc, r-oldrel-macos-arm64, r-oldrel-macos-x86_64