CRAN Package Check Results for Package mapcan

Last updated on 2023-01-27 07:50:36 CET.

Flavor Version Tinstall Tcheck Ttotal Status Flags
r-devel-linux-x86_64-debian-clang 0.0.1 4.68 33.30 37.98 OK
r-devel-linux-x86_64-debian-gcc 0.0.1 5.10 26.17 31.27 OK
r-devel-linux-x86_64-fedora-clang 0.0.1 51.51 NOTE
r-devel-linux-x86_64-fedora-gcc 0.0.1 78.67 NOTE
r-devel-windows-x86_64 0.0.1 18.00 68.00 86.00 OK
r-patched-linux-x86_64 0.0.1 4.49 32.53 37.02 OK
r-release-linux-x86_64 0.0.1 5.82 46.90 52.72 OK
r-release-macos-arm64 0.0.1 28.00 NOTE
r-release-macos-x86_64 0.0.1 49.00 NOTE
r-release-windows-x86_64 0.0.1 33.00 93.00 126.00 OK
r-oldrel-macos-arm64 0.0.1 42.00 NOTE
r-oldrel-macos-x86_64 0.0.1 43.00 NOTE
r-oldrel-windows-ix86+x86_64 0.0.1 15.00 60.00 75.00 OK

Check Details

Version: 0.0.1
Check: dependencies in R code
Result: NOTE
    Namespace in Imports field not imported from: ‘dplyr’
     All declared Imports should be used.
Flavors: r-devel-linux-x86_64-fedora-clang, r-devel-linux-x86_64-fedora-gcc, r-release-macos-arm64, r-release-macos-x86_64, r-oldrel-macos-arm64, r-oldrel-macos-x86_64

Version: 0.0.1
Check: data for non-ASCII characters
Result: NOTE
     Note: found 3058 marked UTF-8 strings
Flavors: r-devel-linux-x86_64-fedora-clang, r-devel-linux-x86_64-fedora-gcc, r-release-macos-arm64, r-release-macos-x86_64, r-oldrel-macos-arm64, r-oldrel-macos-x86_64