Last updated on 2023-10-01 08:52:03 CEST.
Flavor | Version | Tinstall | Tcheck | Ttotal | Status | Flags |
---|---|---|---|---|---|---|
r-devel-linux-x86_64-debian-clang | 0.1.1 | 65.44 | 85.28 | 150.72 | NOTE | |
r-devel-linux-x86_64-debian-gcc | 0.1.1 | 46.95 | 66.47 | 113.42 | NOTE | |
r-devel-linux-x86_64-fedora-clang | 0.1.1 | 199.60 | NOTE | |||
r-devel-linux-x86_64-fedora-gcc | 0.1.1 | 202.08 | NOTE | |||
r-devel-windows-x86_64 | 0.1.1 | 48.00 | 101.00 | 149.00 | NOTE | |
r-patched-linux-x86_64 | 0.1.1 | 58.12 | 84.44 | 142.56 | NOTE | |
r-release-linux-x86_64 | 0.1.1 | 62.96 | 85.17 | 148.13 | NOTE | |
r-release-macos-arm64 | 0.1.1 | 56.00 | NOTE | |||
r-release-macos-x86_64 | 0.1.1 | 93.00 | NOTE | |||
r-release-windows-x86_64 | 0.1.1 | 66.00 | 116.00 | 182.00 | NOTE | |
r-oldrel-macos-arm64 | 0.1.1 | 50.00 | OK | |||
r-oldrel-macos-x86_64 | 0.1.1 | 65.00 | OK | |||
r-oldrel-windows-x86_64 | 0.1.1 | 61.00 | 110.00 | 171.00 | OK |
Version: 0.1.1
Check: C++ specification
Result: NOTE
Specified C++11: please drop specification unless essential
Flavors: r-devel-linux-x86_64-debian-clang, r-devel-linux-x86_64-debian-gcc, r-devel-linux-x86_64-fedora-clang, r-devel-linux-x86_64-fedora-gcc, r-devel-windows-x86_64, r-patched-linux-x86_64, r-release-linux-x86_64, r-release-macos-arm64, r-release-macos-x86_64, r-release-windows-x86_64