CRAN Package Check Results for Package manhattanly

Last updated on 2023-11-30 08:49:59 CET.

Flavor Version Tinstall Tcheck Ttotal Status Flags
r-devel-linux-x86_64-debian-clang 0.3.0 3.64 37.17 40.81 OK
r-devel-linux-x86_64-debian-gcc 0.3.0 3.01 29.03 32.04 OK
r-devel-linux-x86_64-fedora-clang 0.3.0 51.89 NOTE
r-devel-linux-x86_64-fedora-gcc 0.3.0 60.29 NOTE
r-devel-windows-x86_64 0.3.0 4.00 55.00 59.00 OK
r-patched-linux-x86_64 0.3.0 6.93 36.11 43.04 OK
r-release-linux-x86_64 0.3.0 2.22 35.82 38.04 OK
r-release-macos-arm64 0.3.0 30.00 OK
r-release-macos-x86_64 0.3.0 31.00 OK
r-release-windows-x86_64 0.3.0 5.00 57.00 62.00 OK
r-oldrel-macos-arm64 0.3.0 24.00 NOTE
r-oldrel-macos-x86_64 0.3.0 34.00 NOTE
r-oldrel-windows-x86_64 0.3.0 6.00 58.00 64.00 OK

Check Details

Version: 0.3.0
Check: dependencies in R code
Result: NOTE Namespace in Imports field not imported from: ‘ggplot2’ All declared Imports should be used. Flavors: r-devel-linux-x86_64-fedora-clang, r-devel-linux-x86_64-fedora-gcc, r-oldrel-macos-arm64, r-oldrel-macos-x86_64