CRAN Package Check Results for Package manhattanly

Last updated on 2023-02-03 06:50:24 CET.

Flavor Version Tinstall Tcheck Ttotal Status Flags
r-devel-linux-x86_64-debian-clang 0.3.0 3.42 36.94 40.36 OK
r-devel-linux-x86_64-debian-gcc 0.3.0 2.64 28.61 31.25 OK
r-devel-linux-x86_64-fedora-clang 0.3.0 51.58 NOTE
r-devel-linux-x86_64-fedora-gcc 0.3.0 61.75 NOTE
r-devel-windows-x86_64 0.3.0 27.00 73.00 100.00 OK
r-patched-linux-x86_64 0.3.0 9.70 36.14 45.84 OK
r-release-linux-x86_64 0.3.0 3.64 35.63 39.27 OK
r-release-macos-arm64 0.3.0 24.00 NOTE
r-release-macos-x86_64 0.3.0 34.00 NOTE
r-release-windows-x86_64 0.3.0 13.00 78.00 91.00 OK
r-oldrel-macos-arm64 0.3.0 21.00 NOTE
r-oldrel-macos-x86_64 0.3.0 38.00 NOTE
r-oldrel-windows-ix86+x86_64 0.3.0 9.00 189.00 198.00 OK

Check Details

Version: 0.3.0
Check: dependencies in R code
Result: NOTE
    Namespace in Imports field not imported from: ‘ggplot2’
     All declared Imports should be used.
Flavors: r-devel-linux-x86_64-fedora-clang, r-devel-linux-x86_64-fedora-gcc, r-release-macos-arm64, r-release-macos-x86_64, r-oldrel-macos-arm64, r-oldrel-macos-x86_64