CRAN Package Check Results for Package macrocol

Last updated on 2024-02-27 07:54:51 CET.

Flavor Version Tinstall Tcheck Ttotal Status Flags
r-devel-linux-x86_64-debian-clang 0.1.0 2.61 22.21 24.82 OK
r-devel-linux-x86_64-debian-gcc 0.1.0 1.65 17.34 18.99 OK
r-devel-linux-x86_64-fedora-clang 0.1.0 32.38 NOTE
r-devel-linux-x86_64-fedora-gcc 0.1.0 29.53 NOTE
r-devel-windows-x86_64 0.1.0 3.00 39.00 42.00 OK
r-patched-linux-x86_64 0.1.0 1.91 21.58 23.49 OK
r-release-linux-x86_64 0.1.0 1.50 22.36 23.86 OK
r-release-macos-arm64 0.1.0 15.00 OK
r-release-macos-x86_64 0.1.0 17.00 OK
r-release-windows-x86_64 0.1.0 4.00 40.00 44.00 OK
r-oldrel-macos-arm64 0.1.0 15.00 NOTE
r-oldrel-windows-x86_64 0.1.0 5.00 44.00 49.00 OK

Check Details

Version: 0.1.0
Check: dependencies in R code
Result: NOTE Namespace in Imports field not imported from: ‘R.utils’ All declared Imports should be used. Flavors: r-devel-linux-x86_64-fedora-clang, r-devel-linux-x86_64-fedora-gcc, r-oldrel-macos-arm64