CRAN Package Check Results for Package maGUI

Last updated on 2024-04-16 19:49:30 CEST.

Flavor Version Tinstall Tcheck Ttotal Status Flags
r-devel-linux-x86_64-fedora-clang 4.0 70.15 OK
r-devel-linux-x86_64-fedora-gcc 4.0 72.11 OK
r-prerel-macos-arm64 4.0 33.00 NOTE
r-prerel-macos-x86_64 4.0 53.00 NOTE
r-prerel-windows-x86_64 4.0 5.00 52.00 57.00 OK
r-release-macos-arm64 4.0 25.00 NOTE
r-release-macos-x86_64 4.0 46.00 NOTE
r-release-windows-x86_64 4.0 5.00 53.00 58.00 OK
r-oldrel-macos-arm64 4.0 35.00 NOTE
r-oldrel-windows-x86_64 4.0 8.00 61.00 69.00 OK

Check Details

Version: 4.0
Check: package dependencies
Result: NOTE Packages suggested but not available for checking: 'lumi', 'beadarray' Flavor: r-prerel-macos-arm64

Version: 4.0
Check: package dependencies
Result: NOTE Packages suggested but not available for checking: 'GEOmetadb', 'WGCNA', 'lumi' Flavor: r-prerel-macos-x86_64

Version: 4.0
Check: package dependencies
Result: NOTE Packages suggested but not available for checking: 'ssize', 'GEOquery', 'GEOmetadb', 'WGCNA', 'pdInfoBuilder', 'lumi', 'oligo', 'GOstats' Flavor: r-release-macos-arm64

Version: 4.0
Check: package dependencies
Result: NOTE Packages suggested but not available for checking: 'ssize', 'WGCNA', 'KEGGgraph', 'pdInfoBuilder', 'lumi', 'oligo', 'affy', 'genefilter', 'beadarray', 'GOstats', 'Category', 'impute' Flavor: r-release-macos-x86_64

Version: 4.0
Check: package dependencies
Result: NOTE Packages suggested but not available for checking: 'pdInfoBuilder', 'oligo' Flavor: r-oldrel-macos-arm64