CRAN Package Check Results for Package mSTEM

Last updated on 2023-02-04 08:01:21 CET.

Flavor Version Tinstall Tcheck Ttotal Status Flags
r-devel-linux-x86_64-debian-clang 1.0-1 4.37 30.96 35.33 NOTE
r-devel-linux-x86_64-debian-gcc 1.0-1 3.02 24.33 27.35 NOTE
r-devel-linux-x86_64-fedora-clang 1.0-1 44.18 NOTE
r-devel-linux-x86_64-fedora-gcc 1.0-1 43.44 NOTE
r-devel-windows-x86_64 1.0-1 12.00 58.00 70.00 NOTE
r-patched-linux-x86_64 1.0-1 3.40 30.79 34.19 NOTE
r-release-linux-x86_64 1.0-1 2.22 30.13 32.35 NOTE
r-release-macos-arm64 1.0-1 18.00 NOTE
r-release-macos-x86_64 1.0-1 22.00 NOTE
r-release-windows-x86_64 1.0-1 21.00 64.00 85.00 NOTE
r-oldrel-macos-arm64 1.0-1 20.00 NOTE
r-oldrel-macos-x86_64 1.0-1 28.00 NOTE
r-oldrel-windows-ix86+x86_64 1.0-1 9.00 57.00 66.00 NOTE

Check Details

Version: 1.0-1
Check: LazyData
Result: NOTE
     'LazyData' is specified without a 'data' directory
Flavors: r-devel-linux-x86_64-debian-clang, r-devel-linux-x86_64-debian-gcc, r-devel-linux-x86_64-fedora-clang, r-devel-linux-x86_64-fedora-gcc, r-devel-windows-x86_64, r-patched-linux-x86_64, r-release-linux-x86_64, r-release-macos-arm64, r-release-macos-x86_64, r-release-windows-x86_64, r-oldrel-macos-arm64, r-oldrel-macos-x86_64, r-oldrel-windows-ix86+x86_64