Last updated on 2023-11-28 07:53:07 CET.
Flavor | Version | Tinstall | Tcheck | Ttotal | Status | Flags |
---|---|---|---|---|---|---|
r-devel-linux-x86_64-debian-clang | 0.2-13 | 115.39 | 74.37 | 189.76 | OK | |
r-devel-linux-x86_64-debian-gcc | 0.2-13 | 87.30 | 57.23 | 144.53 | OK | |
r-devel-linux-x86_64-fedora-clang | 0.2-13 | 244.61 | OK | |||
r-devel-linux-x86_64-fedora-gcc | 0.2-13 | 269.11 | OK | |||
r-devel-windows-x86_64 | 0.2-13 | 102.00 | 212.00 | 314.00 | NOTE | |
r-patched-linux-x86_64 | 0.2-13 | 104.23 | 73.00 | 177.23 | OK | |
r-release-linux-x86_64 | 0.2-13 | 106.51 | 71.85 | 178.36 | OK | |
r-release-macos-arm64 | 0.2-13 | 70.00 | NOTE | |||
r-release-macos-x86_64 | 0.2-13 | 105.00 | NOTE | |||
r-release-windows-x86_64 | 0.2-13 | 134.00 | 280.00 | 414.00 | NOTE | |
r-oldrel-macos-arm64 | 0.2-13 | 70.00 | NOTE | |||
r-oldrel-macos-x86_64 | 0.2-13 | 91.00 | NOTE | |||
r-oldrel-windows-x86_64 | 0.2-13 | 178.00 | 553.00 | 731.00 | NOTE |
Version: 0.2-13
Check: installed package size
Result: NOTE
installed size is 28.9Mb
sub-directories of 1Mb or more:
gdal 3.0Mb
libs 17.4Mb
proj 8.3Mb
Flavors: r-devel-windows-x86_64, r-release-macos-arm64, r-release-macos-x86_64, r-release-windows-x86_64, r-oldrel-macos-arm64, r-oldrel-macos-x86_64, r-oldrel-windows-x86_64