Last updated on 2023-02-08 07:54:34 CET.
Flavor | Version | Tinstall | Tcheck | Ttotal | Status | Flags |
---|---|---|---|---|---|---|
r-devel-linux-x86_64-debian-clang | 0.2-11 | 97.52 | 72.96 | 170.48 | NOTE | |
r-devel-linux-x86_64-debian-gcc | 0.2-11 | 87.54 | 55.01 | 142.55 | NOTE | |
r-devel-linux-x86_64-fedora-clang | 0.2-11 | 229.06 | NOTE | |||
r-devel-linux-x86_64-fedora-gcc | 0.2-11 | 248.92 | NOTE | |||
r-devel-windows-x86_64 | 0.2-11 | 209.00 | 204.00 | 413.00 | NOTE | |
r-patched-linux-x86_64 | 0.2-11 | 87.57 | 71.27 | 158.84 | OK | |
r-release-linux-x86_64 | 0.2-11 | 80.76 | 72.59 | 153.35 | OK | |
r-release-macos-arm64 | 0.2-11 | 68.00 | NOTE | |||
r-release-macos-x86_64 | 0.2-11 | 90.00 | NOTE | |||
r-release-windows-x86_64 | 0.2-11 | 205.00 | 221.00 | 426.00 | NOTE | |
r-oldrel-macos-arm64 | 0.2-11 | 59.00 | NOTE | |||
r-oldrel-macos-x86_64 | 0.2-11 | 91.00 | NOTE | |||
r-oldrel-windows-ix86+x86_64 | 0.2-11 | 289.00 | 226.00 | 515.00 | WARN |
Version: 0.2-11
Check: C++ specification
Result: NOTE
Specified C++11: please update to current default of C++17
Flavor: r-devel-linux-x86_64-debian-clang
Version: 0.2-11
Check: C++ specification
Result: NOTE
Specified C++11: please drop specification unless essential
Flavors: r-devel-linux-x86_64-debian-gcc, r-devel-linux-x86_64-fedora-clang, r-devel-linux-x86_64-fedora-gcc
Version: 0.2-11
Check: installed package size
Result: NOTE
installed size is 11.4Mb
sub-directories of 1Mb or more:
libs 11.3Mb
Flavors: r-devel-windows-x86_64, r-release-macos-arm64, r-release-macos-x86_64, r-release-windows-x86_64, r-oldrel-macos-arm64, r-oldrel-macos-x86_64, r-oldrel-windows-ix86+x86_64
Version: 0.2-11
Check: whether package can be installed
Result: WARN
Found the following significant warnings:
liblwgeom/lwgeom_topo.c:4305:36: warning: too many arguments for format [-Wformat-extra-args]
liblwgeom/lwgeom_topo.c:4357:38: warning: too many arguments for format [-Wformat-extra-args]
Flavor: r-oldrel-windows-ix86+x86_64