CRAN Package Check Results for Package ludic

Last updated on 2023-01-28 08:00:38 CET.

Flavor Version Tinstall Tcheck Ttotal Status Flags
r-devel-linux-x86_64-debian-clang 0.2.0 106.54 139.52 246.06 OK
r-devel-linux-x86_64-debian-gcc 0.2.0 84.32 106.86 191.18 NOTE
r-devel-linux-x86_64-fedora-clang 0.2.0 337.87 OK
r-devel-linux-x86_64-fedora-gcc 0.2.0 319.37 NOTE
r-devel-windows-x86_64 0.2.0 85.00 178.00 263.00 OK
r-patched-linux-x86_64 0.2.0 92.41 134.31 226.72 OK
r-release-linux-x86_64 0.2.0 91.10 133.92 225.02 OK
r-release-macos-arm64 0.2.0 75.00 NOTE
r-release-macos-x86_64 0.2.0 109.00 NOTE
r-release-windows-x86_64 0.2.0 82.00 176.00 258.00 OK
r-oldrel-macos-arm64 0.2.0 77.00 NOTE
r-oldrel-macos-x86_64 0.2.0 111.00 NOTE
r-oldrel-windows-ix86+x86_64 0.2.0 242.00 215.00 457.00 OK

Check Details

Version: 0.2.0
Check: C++ specification
Result: NOTE
     Specified C++11: please update to current default of C++17
Flavors: r-devel-linux-x86_64-debian-gcc, r-devel-linux-x86_64-fedora-gcc

Version: 0.2.0
Check: installed package size
Result: NOTE
     installed size is 6.2Mb
     sub-directories of 1Mb or more:
     data 2.1Mb
     libs 3.9Mb
Flavors: r-release-macos-arm64, r-release-macos-x86_64, r-oldrel-macos-arm64, r-oldrel-macos-x86_64