CRAN Package Check Results for Package ltsspca

Last updated on 2023-02-05 07:57:27 CET.

Flavor Version Tinstall Tcheck Ttotal Status Flags
r-devel-linux-x86_64-debian-clang 0.1.0 95.42 169.98 265.40 NOTE
r-devel-linux-x86_64-debian-gcc 0.1.0 71.03 130.12 201.15 NOTE
r-devel-linux-x86_64-fedora-clang 0.1.0 352.13 NOTE
r-devel-linux-x86_64-fedora-gcc 0.1.0 352.85 NOTE
r-devel-windows-x86_64 0.1.0 84.00 239.00 323.00 NOTE
r-patched-linux-x86_64 0.1.0 74.11 167.84 241.95 OK
r-release-linux-x86_64 0.1.0 78.10 171.22 249.32 OK
r-release-macos-arm64 0.1.0 101.00 OK
r-release-macos-x86_64 0.1.0 122.00 OK
r-release-windows-x86_64 0.1.0 84.00 229.00 313.00 OK
r-oldrel-macos-arm64 0.1.0 102.00 NOTE
r-oldrel-macos-x86_64 0.1.0 186.00 OK
r-oldrel-windows-ix86+x86_64 0.1.0 219.00 258.00 477.00 OK

Check Details

Version: 0.1.0
Check: C++ specification
Result: NOTE
     Specified C++11: please update to current default of C++17
Flavors: r-devel-linux-x86_64-debian-clang, r-devel-linux-x86_64-debian-gcc, r-devel-linux-x86_64-fedora-clang, r-devel-linux-x86_64-fedora-gcc, r-devel-windows-x86_64

Version: 0.1.0
Check: installed package size
Result: NOTE
     installed size is 5.6Mb
     sub-directories of 1Mb or more:
     libs 5.2Mb
Flavor: r-oldrel-macos-arm64