Last updated on 2023-02-06 06:52:01 CET.
Flavor | Version | Tinstall | Tcheck | Ttotal | Status | Flags |
---|---|---|---|---|---|---|
r-devel-linux-x86_64-debian-clang | 1.0-0 | 2.00 | 32.08 | 34.08 | NOTE | |
r-devel-linux-x86_64-debian-gcc | 1.0-0 | 1.55 | 24.53 | 26.08 | NOTE | |
r-devel-linux-x86_64-fedora-clang | 1.0-0 | 43.38 | NOTE | |||
r-devel-linux-x86_64-fedora-gcc | 1.0-0 | 55.45 | NOTE | |||
r-devel-windows-x86_64 | 1.0-0 | 12.00 | 64.00 | 76.00 | NOTE | |
r-patched-linux-x86_64 | 1.0-0 | 1.62 | 31.98 | 33.60 | NOTE | |
r-release-linux-x86_64 | 1.0-0 | 1.54 | 32.90 | 34.44 | NOTE | |
r-release-macos-arm64 | 1.0-0 | 21.00 | NOTE | |||
r-release-macos-x86_64 | 1.0-0 | 28.00 | NOTE | |||
r-release-windows-x86_64 | 1.0-0 | 14.00 | 65.00 | 79.00 | NOTE | |
r-oldrel-macos-arm64 | 1.0-0 | 22.00 | NOTE | |||
r-oldrel-macos-x86_64 | 1.0-0 | 29.00 | NOTE | |||
r-oldrel-windows-ix86+x86_64 | 1.0-0 | 5.00 | 56.00 | 61.00 | NOTE |
Version: 1.0-0
Check: LazyData
Result: NOTE
'LazyData' is specified without a 'data' directory
Flavors: r-devel-linux-x86_64-debian-clang, r-devel-linux-x86_64-debian-gcc, r-devel-linux-x86_64-fedora-clang, r-devel-linux-x86_64-fedora-gcc, r-devel-windows-x86_64, r-patched-linux-x86_64, r-release-linux-x86_64, r-release-macos-arm64, r-release-macos-x86_64, r-release-windows-x86_64, r-oldrel-macos-arm64, r-oldrel-macos-x86_64, r-oldrel-windows-ix86+x86_64