CRAN Package Check Results for Package lslx

Last updated on 2023-02-06 06:52:01 CET.

Flavor Version Tinstall Tcheck Ttotal Status Flags
r-devel-linux-x86_64-debian-clang 0.6.11 184.67 105.13 289.80 OK
r-devel-linux-x86_64-debian-gcc 0.6.11 145.79 83.20 228.99 OK
r-devel-linux-x86_64-fedora-clang 0.6.11 363.07 OK
r-devel-linux-x86_64-fedora-gcc 0.6.11 412.93 OK
r-devel-windows-x86_64 0.6.11 125.00 183.00 308.00 OK
r-patched-linux-x86_64 0.6.11 152.88 103.85 256.73 OK
r-release-linux-x86_64 0.6.11 155.11 90.00 245.11 OK
r-release-macos-arm64 0.6.11 99.00 NOTE
r-release-macos-x86_64 0.6.11 131.00 NOTE
r-release-windows-x86_64 0.6.11 151.00 168.00 319.00 OK
r-oldrel-macos-arm64 0.6.11 91.00 NOTE
r-oldrel-macos-x86_64 0.6.11 144.00 NOTE
r-oldrel-windows-ix86+x86_64 0.6.11 356.00 172.00 528.00 NOTE

Check Details

Version: 0.6.11
Check: installed package size
Result: NOTE
     installed size is 50.0Mb
     sub-directories of 1Mb or more:
     doc 1.6Mb
     libs 47.8Mb
Flavors: r-release-macos-arm64, r-release-macos-x86_64, r-oldrel-macos-arm64, r-oldrel-macos-x86_64, r-oldrel-windows-ix86+x86_64