Last updated on 2023-03-20 05:52:15 CET.
Flavor | Version | Tinstall | Tcheck | Ttotal | Status | Flags |
---|---|---|---|---|---|---|
r-devel-linux-x86_64-debian-clang | 0.73.3 | NOTE | ||||
r-devel-linux-x86_64-debian-gcc | 0.73.3 | 2.94 | 31.28 | 34.22 | NOTE | |
r-devel-linux-x86_64-fedora-clang | 0.73.3 | 53.81 | NOTE | |||
r-devel-linux-x86_64-fedora-gcc | 0.73.3 | 53.57 | NOTE | |||
r-patched-linux-x86_64 | 0.73.3 | 2.83 | 39.16 | 41.99 | OK | |
r-release-linux-x86_64 | 0.73.3 | 3.41 | 38.21 | 41.62 | OK | |
r-release-macos-arm64 | 0.73.3 | 31.00 | NOTE | |||
r-release-macos-x86_64 | 0.73.3 | 30.00 | NOTE | |||
r-release-windows-x86_64 | 0.73.3 | 21.00 | 77.00 | 98.00 | OK | |
r-oldrel-macos-arm64 | 0.73.3 | 21.00 | NOTE | |||
r-oldrel-macos-x86_64 | 0.73.3 | 30.00 | NOTE | |||
r-oldrel-windows-ix86+x86_64 | 0.73.3 | 7.00 | 66.00 | 73.00 | OK |
Version: 0.73.3
Check: Rd files
Result: NOTE
checkRd: (-1) specialchars.Rd:6: Escaped LaTeX specials: \&
Flavors: r-devel-linux-x86_64-debian-clang, r-devel-linux-x86_64-debian-gcc, r-devel-linux-x86_64-fedora-clang, r-devel-linux-x86_64-fedora-gcc
Version: 0.73.3
Check: data for non-ASCII characters
Result: NOTE
Note: found 143 marked Latin-1 strings
Note: found 833 marked UTF-8 strings
Flavors: r-devel-linux-x86_64-fedora-clang, r-devel-linux-x86_64-fedora-gcc, r-release-macos-arm64, r-release-macos-x86_64, r-oldrel-macos-arm64, r-oldrel-macos-x86_64