CRAN Package Check Results for Package lrstat

Last updated on 2023-01-30 09:54:16 CET.

Flavor Version Tinstall Tcheck Ttotal Status Flags
r-devel-linux-x86_64-debian-clang 0.1.10 96.26 124.14 220.40 OK
r-devel-linux-x86_64-debian-gcc 0.1.10 84.88 92.01 176.89 NOTE
r-devel-linux-x86_64-fedora-clang 0.1.10 298.85 NOTE
r-devel-linux-x86_64-fedora-gcc 0.1.10 323.85 NOTE
r-devel-windows-x86_64 0.1.10 97.00 205.00 302.00 NOTE
r-patched-linux-x86_64 0.1.10 93.47 112.80 206.27 OK
r-release-linux-x86_64 0.1.10 93.73 108.77 202.50 OK
r-release-macos-arm64 0.1.10 78.00 NOTE
r-release-macos-x86_64 0.1.10 106.00 NOTE
r-release-windows-x86_64 0.1.10 98.00 203.00 301.00 OK
r-oldrel-macos-arm64 0.1.10 78.00 NOTE
r-oldrel-macos-x86_64 0.1.10 116.00 NOTE
r-oldrel-windows-ix86+x86_64 0.1.10 21.00 18.00 39.00 ERROR

Check Details

Version: 0.1.10
Check: C++ specification
Result: NOTE
     Specified C++11: please update to current default of C++17
Flavors: r-devel-linux-x86_64-debian-gcc, r-devel-linux-x86_64-fedora-clang, r-devel-linux-x86_64-fedora-gcc, r-devel-windows-x86_64

Version: 0.1.10
Check: installed package size
Result: NOTE
     installed size is 10.5Mb
     sub-directories of 1Mb or more:
     libs 10.0Mb
Flavors: r-release-macos-arm64, r-release-macos-x86_64, r-oldrel-macos-arm64, r-oldrel-macos-x86_64

Version: 0.1.10
Check: whether package can be installed
Result: ERROR
    Installation failed.
Flavor: r-oldrel-windows-ix86+x86_64