Last updated on 2023-12-01 07:50:10 CET.
Flavor | Version | Tinstall | Tcheck | Ttotal | Status | Flags |
---|---|---|---|---|---|---|
r-devel-linux-x86_64-debian-clang | 0.2.0 | 129.58 | 189.95 | 319.53 | OK | |
r-devel-linux-x86_64-debian-gcc | 0.2.1 | 91.69 | 145.28 | 236.97 | OK | |
r-devel-linux-x86_64-fedora-clang | 0.2.1 | 462.32 | OK | |||
r-devel-linux-x86_64-fedora-gcc | 0.2.1 | 476.63 | OK | |||
r-devel-windows-x86_64 | 0.2.1 | 68.00 | 271.00 | 339.00 | OK | |
r-patched-linux-x86_64 | 0.2.1 | 111.66 | 190.44 | 302.10 | OK | |
r-release-linux-x86_64 | 0.2.0 | 95.72 | 183.89 | 279.61 | OK | |
r-release-macos-arm64 | 0.2.1 | 133.00 | NOTE | |||
r-release-macos-x86_64 | 0.2.0 | 218.00 | NOTE | |||
r-release-windows-x86_64 | 0.2.1 | 111.00 | 312.00 | 423.00 | OK | |
r-oldrel-macos-arm64 | 0.2.1 | 111.00 | NOTE | |||
r-oldrel-macos-x86_64 | 0.2.0 | 137.00 | NOTE | |||
r-oldrel-windows-x86_64 | 0.2.1 | 93.00 | 283.00 | 376.00 | OK |
Version: 0.2.1
Check: installed package size
Result: NOTE
installed size is 14.8Mb
sub-directories of 1Mb or more:
libs 14.1Mb
Flavors: r-release-macos-arm64, r-oldrel-macos-arm64
Version: 0.2.0
Check: installed package size
Result: NOTE
installed size is 12.7Mb
sub-directories of 1Mb or more:
libs 12.1Mb
Flavors: r-release-macos-x86_64, r-oldrel-macos-x86_64