CRAN Package Check Results for Package lpme

Last updated on 2023-02-06 06:52:01 CET.

Flavor Version Tinstall Tcheck Ttotal Status Flags
r-devel-linux-x86_64-debian-clang 1.1.3 154.52 46.30 200.82 OK
r-devel-linux-x86_64-debian-gcc 1.1.3 124.47 35.15 159.62 OK
r-devel-linux-x86_64-fedora-clang 1.1.3 298.32 OK
r-devel-linux-x86_64-fedora-gcc 1.1.3 285.59 OK
r-devel-windows-x86_64 1.1.3 134.00 104.00 238.00 OK
r-patched-linux-x86_64 1.1.3 122.95 46.75 169.70 OK
r-release-linux-x86_64 1.1.3 126.00 45.80 171.80 OK
r-release-macos-arm64 1.1.3 61.00 NOTE
r-release-macos-x86_64 1.1.3 92.00 NOTE
r-release-windows-x86_64 1.1.3 129.00 103.00 232.00 OK
r-oldrel-macos-arm64 1.1.3 60.00 NOTE
r-oldrel-macos-x86_64 1.1.3 87.00 NOTE
r-oldrel-windows-ix86+x86_64 1.1.3 368.00 113.00 481.00 OK

Check Details

Version: 1.1.3
Check: installed package size
Result: NOTE
     installed size is 5.6Mb
     sub-directories of 1Mb or more:
     libs 5.4Mb
Flavors: r-release-macos-arm64, r-release-macos-x86_64, r-oldrel-macos-arm64, r-oldrel-macos-x86_64