CRAN Package Check Results for Package lpSolveAPI

Last updated on 2023-04-02 07:55:17 CEST.

Flavor Version Tinstall Tcheck Ttotal Status Flags
r-devel-linux-x86_64-debian-clang 5.5.2.0-17.9 35.59 34.84 70.43 OK
r-devel-linux-x86_64-debian-gcc 5.5.2.0-17.9 27.06 27.03 54.09 OK
r-devel-linux-x86_64-fedora-clang 5.5.2.0-17.9 87.01 OK
r-devel-linux-x86_64-fedora-gcc 5.5.2.0-17.9 95.54 OK
r-devel-windows-x86_64 5.5.2.0-17.9 91.00 80.00 171.00 OK
r-patched-linux-x86_64 5.5.2.0-17.9 29.88 33.58 63.46 OK
r-release-linux-x86_64 5.5.2.0-17.9 29.81 33.05 62.86 OK
r-release-macos-arm64 5.5.2.0-17.9 19.00 ERROR
r-release-macos-x86_64 5.5.2.0-17.9 49.00 OK
r-release-windows-x86_64 5.5.2.0-17.9 108.00 88.00 196.00 OK
r-oldrel-macos-arm64 5.5.2.0-17.9 33.00 OK
r-oldrel-macos-x86_64 5.5.2.0-17.9 50.00 OK
r-oldrel-windows-ix86+x86_64 5.5.2.0-17.9 134.00 69.00 203.00 OK

Check Details

Version: 5.5.2.0-17.9
Check: whether package can be installed
Result: ERROR
    Installation failed.
Flavor: r-release-macos-arm64